{"id":9383,"date":"2026-01-27T11:30:13","date_gmt":"2026-01-27T10:30:13","guid":{"rendered":"https:\/\/www.casadeljazz.com\/?post_type=evento&#038;p=9383"},"modified":"2026-02-09T10:12:28","modified_gmt":"2026-02-09T09:12:28","slug":"enrico-pieranunzi-youth-trio","status":"publish","type":"evento","link":"https:\/\/www.casadeljazz.com\/en\/evento\/enrico-pieranunzi-youth-trio\/","title":{"rendered":"Enrico Pieranunzi \u201cYouth Trio\u201d"},"content":{"rendered":"<p style=\"font-weight: 400;\">Italian Stars<\/p>\n<p style=\"font-weight: 400;\">Enrico Pieranunzi pianoforte<\/p>\n<p style=\"font-weight: 400;\">Giulio Scianatico contrabbasso<\/p>\n<p style=\"font-weight: 400;\">Cesare Mangiocavallo batteria<\/p>\n<p style=\"font-weight: 400;\">Ancora una nuova versione della formazione che da decenni occupa lo spazio pi\u00fa importante nell\u2019attivit\u00e1 musicale di Pieranunzi. Questa volta ad interagire con lui saranno due giovanissimi musicisti che hanno gi\u00e1 dato ampia dimostrazione del loro talento. Una conferma che il jazz ha in s\u00e9 un\u2019inesausta capacit\u00e1 di rigenerarsi e che il suo spirito \u00e9 vivo e capace di produrre e trasmettere sempre nuove energie<\/p>\n","protected":false},"excerpt":{"rendered":"<p>Italian Stars Enrico Pieranunzi pianoforte Giulio Scianatico contrabbasso Cesare Mangiocavallo batteria Ancora una nuova versione della formazione che da decenni occupa lo spazio pi\u00fa importante nell\u2019attivit\u00e1 musicale di Pieranunzi. Questa volta ad interagire con lui saranno due giovanissimi musicisti che hanno gi\u00e1 dato ampia dimostrazione del loro talento. Una conferma che il jazz ha in<a class=\"excerpt-read-more\" href=\"https:\/\/www.casadeljazz.com\/en\/evento\/enrico-pieranunzi-youth-trio\/\" title=\"ReadEnrico Pieranunzi \u201cYouth Trio\u201d\">&#8230; Read more &raquo;<\/a><\/p>\n","protected":false},"featured_media":6614,"template":"","categoria-evento":[118],"tag-evento":[],"class_list":["post-9383","evento","type-evento","status-publish","has-post-thumbnail","hentry","categoria-evento-concerti"],"acf":[],"_links":{"self":[{"href":"https:\/\/www.casadeljazz.com\/en\/wp-json\/wp\/v2\/evento\/9383","targetHints":{"allow":["GET"]}}],"collection":[{"href":"https:\/\/www.casadeljazz.com\/en\/wp-json\/wp\/v2\/evento"}],"about":[{"href":"https:\/\/www.casadeljazz.com\/en\/wp-json\/wp\/v2\/types\/evento"}],"wp:featuredmedia":[{"embeddable":true,"href":"https:\/\/www.casadeljazz.com\/en\/wp-json\/wp\/v2\/media\/6614"}],"wp:attachment":[{"href":"https:\/\/www.casadeljazz.com\/en\/wp-json\/wp\/v2\/media?parent=9383"}],"wp:term":[{"taxonomy":"categoria-evento","embeddable":true,"href":"https:\/\/www.casadeljazz.com\/en\/wp-json\/wp\/v2\/categoria-evento?post=9383"},{"taxonomy":"tag-evento","embeddable":true,"href":"https:\/\/www.casadeljazz.com\/en\/wp-json\/wp\/v2\/tag-evento?post=9383"}],"curies":[{"name":"wp","href":"https:\/\/api.w.org\/{rel}","templated":true}]}}

<p style="font-weight: 400;">Italian Stars</p>
<p style="font-weight: 400;">Enrico Pieranunzi pianoforte</p>
<p style="font-weight: 400;">Giulio Scianatico contrabbasso</p>
<p style="font-weight: 400;">Cesare Mangiocavallo batteria</p>
<p style="font-weight: 400;">Ancora una nuova versione della formazione che da decenni occupa lo spazio piú importante nell’attivitá musicale di Pieranunzi. Questa volta ad interagire con lui saranno due giovanissimi musicisti che hanno giá dato ampia dimostrazione del loro talento. Una conferma che il jazz ha in sé un’inesausta capacitá di rigenerarsi e che il suo spirito é vivo e capace di produrre e trasmettere sempre nuove energie</p>

<p>Italian Stars Enrico Pieranunzi pianoforte Giulio Scianatico contrabbasso Cesare Mangiocavallo batteria Ancora una nuova versione della formazione che da decenni occupa lo spazio piú importante nell’attivitá musicale di Pieranunzi. Questa volta ad interagire con lui saranno due giovanissimi musicisti che hanno giá dato ampia dimostrazione del loro talento. Una conferma che il jazz ha in<a class="excerpt-read-more" href="https://www.casadeljazz.com/en/evento/enrico-pieranunzi-youth-trio/" title="ReadEnrico Pieranunzi “Youth Trio”">&#8230; Read more &raquo;</a></p>
