{"id":9375,"date":"2026-01-27T11:23:08","date_gmt":"2026-01-27T10:23:08","guid":{"rendered":"https:\/\/www.casadeljazz.com\/?post_type=evento&#038;p=9375"},"modified":"2026-03-25T10:58:07","modified_gmt":"2026-03-25T09:58:07","slug":"nate-smith","status":"publish","type":"evento","link":"https:\/\/www.casadeljazz.com\/en\/evento\/nate-smith\/","title":{"rendered":"Nate Smith"},"content":{"rendered":"<div>\n<p data-start=\"210\" data-end=\"499\"><strong>Nate Smith<\/strong> \u00e8 un musicista poliedrico, bandleader, compositore, produttore e virtuoso batterista, il cui lavoro innovativo come artista e performer attraverso pi\u00f9 generi lo ha reso una figura unica nel panorama musicale contemporaneo e uno dei musicisti pi\u00f9 richiesti della sua generazione. Nato a Norfolk, in Virginia, e devoto studente di musica fin dall\u2019adolescenza, viene selezionato dalla leggendaria cantante <strong data-start=\"625\" data-end=\"641\">Betty Carter<\/strong> per entrare nel programma didattico <em data-start=\"678\" data-end=\"690\">Jazz Ahead<\/em>, esibendosi successivamente con lei al Blue Note di New York all\u2019et\u00e0 di vent\u2019anni. Nel 2001 inizia la sua carriera professionale come cantautore e produttore collaborando all\u2019album &#8220;Heaven Can Wait&#8221; di <strong data-start=\"898\" data-end=\"917\">Michael Jackson<\/strong>. Nel 2003 entra a far parte della band di <strong data-start=\"960\" data-end=\"976\">Dave Holland<\/strong>, con cui intraprende una tourn\u00e9e mondiale. Dal 2008 avvia la propria carriera discografica, prima come solista e poi con il progetto <strong data-start=\"1110\" data-end=\"1121\">Kinfolk<\/strong>, che gli vale due nomination ai Grammy Awards nel 2017. Nel 2026 <strong>Nate Smith<\/strong> ottiene il definitivo riconoscimento internazionale vincendo il Grammy Award per Best Alternative Jazz Album, confermandosi come uno degli artisti pi\u00f9 visionari e influenti della scena jazz e crossover attuale. Nel corso della sua carriera ha collaborato e si \u00e8 esibito in tourn\u00e9e con artisti di fama mondiale tra cui <strong data-start=\"1530\" data-end=\"1617\">Pat Metheny, Ravi Coltrane, Norah Jones, Jon Batiste, Vulfpeck, The Fearless Flyers<\/strong> (con cui si \u00e8 esibito alla Casa del Jazz nell\u2019agosto 2025), <strong data-start=\"1678\" data-end=\"1710\">Chris Potter, Charlie Hunter<\/strong> e <strong data-start=\"1713\" data-end=\"1728\">Kurt Elling<\/strong>.<\/p>\n<\/div>\n<p>&nbsp;<\/p>\n<p style=\"text-align: center;\"><strong>Nate Smith<\/strong> Batteria<\/p>\n<p style=\"text-align: center;\"><strong>James Francies<\/strong> Tastiere<\/p>\n<p style=\"text-align: center;\"><strong>Josh Johnson<\/strong> Sax<\/p>\n<p style=\"text-align: center;\"><strong>Anna Butters<\/strong> Basso elettrico<\/p>\n","protected":false},"excerpt":{"rendered":"<p>Nate Smith \u00e8 un musicista poliedrico, bandleader, compositore, produttore e virtuoso batterista, il cui lavoro innovativo come artista e performer attraverso pi\u00f9 generi lo ha reso una figura unica nel panorama musicale contemporaneo e uno dei musicisti pi\u00f9 richiesti della sua generazione. Nato a Norfolk, in Virginia, e devoto studente di musica fin dall\u2019adolescenza, viene<a class=\"excerpt-read-more\" href=\"https:\/\/www.casadeljazz.com\/en\/evento\/nate-smith\/\" title=\"ReadNate Smith\">&#8230; Read more &raquo;<\/a><\/p>\n","protected":false},"featured_media":9376,"template":"","categoria-evento":[118],"tag-evento":[],"class_list":["post-9375","evento","type-evento","status-publish","has-post-thumbnail","hentry","categoria-evento-concerti"],"acf":[],"_links":{"self":[{"href":"https:\/\/www.casadeljazz.com\/en\/wp-json\/wp\/v2\/evento\/9375","targetHints":{"allow":["GET"]}}],"collection":[{"href":"https:\/\/www.casadeljazz.com\/en\/wp-json\/wp\/v2\/evento"}],"about":[{"href":"https:\/\/www.casadeljazz.com\/en\/wp-json\/wp\/v2\/types\/evento"}],"wp:featuredmedia":[{"embeddable":true,"href":"https:\/\/www.casadeljazz.com\/en\/wp-json\/wp\/v2\/media\/9376"}],"wp:attachment":[{"href":"https:\/\/www.casadeljazz.com\/en\/wp-json\/wp\/v2\/media?parent=9375"}],"wp:term":[{"taxonomy":"categoria-evento","embeddable":true,"href":"https:\/\/www.casadeljazz.com\/en\/wp-json\/wp\/v2\/categoria-evento?post=9375"},{"taxonomy":"tag-evento","embeddable":true,"href":"https:\/\/www.casadeljazz.com\/en\/wp-json\/wp\/v2\/tag-evento?post=9375"}],"curies":[{"name":"wp","href":"https:\/\/api.w.org\/{rel}","templated":true}]}}

<div>
<p data-start="210" data-end="499"><strong>Nate Smith</strong> è un musicista poliedrico, bandleader, compositore, produttore e virtuoso batterista, il cui lavoro innovativo come artista e performer attraverso più generi lo ha reso una figura unica nel panorama musicale contemporaneo e uno dei musicisti più richiesti della sua generazione. Nato a Norfolk, in Virginia, e devoto studente di musica fin dall’adolescenza, viene selezionato dalla leggendaria cantante <strong data-start="625" data-end="641">Betty Carter</strong> per entrare nel programma didattico <em data-start="678" data-end="690">Jazz Ahead</em>, esibendosi successivamente con lei al Blue Note di New York all’età di vent’anni. Nel 2001 inizia la sua carriera professionale come cantautore e produttore collaborando all’album &#8220;Heaven Can Wait&#8221; di <strong data-start="898" data-end="917">Michael Jackson</strong>. Nel 2003 entra a far parte della band di <strong data-start="960" data-end="976">Dave Holland</strong>, con cui intraprende una tournée mondiale. Dal 2008 avvia la propria carriera discografica, prima come solista e poi con il progetto <strong data-start="1110" data-end="1121">Kinfolk</strong>, che gli vale due nomination ai Grammy Awards nel 2017. Nel 2026 <strong>Nate Smith</strong> ottiene il definitivo riconoscimento internazionale vincendo il Grammy Award per Best Alternative Jazz Album, confermandosi come uno degli artisti più visionari e influenti della scena jazz e crossover attuale. Nel corso della sua carriera ha collaborato e si è esibito in tournée con artisti di fama mondiale tra cui <strong data-start="1530" data-end="1617">Pat Metheny, Ravi Coltrane, Norah Jones, Jon Batiste, Vulfpeck, The Fearless Flyers</strong> (con cui si è esibito alla Casa del Jazz nell’agosto 2025), <strong data-start="1678" data-end="1710">Chris Potter, Charlie Hunter</strong> e <strong data-start="1713" data-end="1728">Kurt Elling</strong>.</p>
</div>
<p>&nbsp;</p>
<p style="text-align: center;"><strong>Nate Smith</strong> Batteria</p>
<p style="text-align: center;"><strong>James Francies</strong> Tastiere</p>
<p style="text-align: center;"><strong>Josh Johnson</strong> Sax</p>
<p style="text-align: center;"><strong>Anna Butters</strong> Basso elettrico</p>

<p>Nate Smith è un musicista poliedrico, bandleader, compositore, produttore e virtuoso batterista, il cui lavoro innovativo come artista e performer attraverso più generi lo ha reso una figura unica nel panorama musicale contemporaneo e uno dei musicisti più richiesti della sua generazione. Nato a Norfolk, in Virginia, e devoto studente di musica fin dall’adolescenza, viene<a class="excerpt-read-more" href="https://www.casadeljazz.com/en/evento/nate-smith/" title="ReadNate Smith">&#8230; Read more &raquo;</a></p>
