{"id":8229,"date":"2025-10-21T11:06:20","date_gmt":"2025-10-21T09:06:20","guid":{"rendered":"https:\/\/www.casadeljazz.com\/?post_type=evento&#038;p=8229"},"modified":"2025-10-21T11:06:20","modified_gmt":"2025-10-21T09:06:20","slug":"lucia-filaci-vittorio-cuculo-a-due-voci","status":"publish","type":"evento","link":"https:\/\/www.casadeljazz.com\/en\/evento\/lucia-filaci-vittorio-cuculo-a-due-voci\/","title":{"rendered":"Lucia Filaci &#038; Vittorio Cuculo &#8211; A due voci"},"content":{"rendered":"<p style=\"text-align: center;\"><strong>Lucia Filaci &amp; Vittorio Cuculo<\/strong><\/p>\n<p style=\"text-align: center;\">(vincitori concorso LAZIOSound, categoria Jazz)<\/p>\n<p>&nbsp;<\/p>\n<p style=\"text-align: center;\"><strong>Lucia Filaci\u00a0<\/strong> voce<\/p>\n<p style=\"text-align: center;\"><strong>Vittorio Cuculo<\/strong>\u00a0 alto sax<\/p>\n<p style=\"text-align: center;\"><strong>Giuseppe Sacchi\u00a0<\/strong> pianoforte e tastiere<\/p>\n<p style=\"text-align: center;\"><strong>Giordano Panizza\u00a0<\/strong> contrabbasso e basso elettrico<\/p>\n<p style=\"text-align: center;\"><strong>Gian Marco De Nisi<\/strong>\u00a0 batteria<\/p>\n<p>&nbsp;<\/p>\n<p><strong><em>A due voci<\/em><\/strong> \u00e8 il nuovo disco di <strong>Lucia Filaci &amp; Vittorio Cuculo<\/strong>, che esce il 28 novembre per AlfaMusic e sar\u00e0 presentato con questo <em>live<\/em> alla Casa del Jazz.<\/p>\n<p>Dopo i rispettivi percorsi solistici \u2013 l\u2019album <em>I Slept in Central Park<\/em> (Jando Music), omaggio a Massimo Urbani, di Vittorio Cuculo, e <em>A tu per tu<\/em> (Wow Records) di Lucia Filaci \u2013 i due artisti, vincitori della categoria jazz di LAZIOsound 2025, inaugurano con <em>A due voci<\/em> un nuovo capitolo della loro ricerca. La dualit\u00e0 non \u00e8 pi\u00f9 semplice introspezione, ma apertura autentica all\u2019altro. Un disco che nasce dal desiderio di condividere scrittura, ricerca e scena, guidato dalla convinzione che la musica sia prima di tutto uno spazio di incontro e di crescita. Tecnica e ascolto, forma e improvvisazione si intrecciano in un equilibrio vivo e pulsante: il linguaggio jazz si apre a echi pop e al respiro della grande tradizione cantautorale italiana. Un album che abita la tradizione per riscriverla dall\u2019interno, facendo della relazione \u2013 musicale e umana \u2013 il suo cuore.<\/p>\n<p><strong>La voce e il sax<\/strong> si cercano, si infrangono e si trasformano in <strong>un dialogo intenso e mai prevedibile<\/strong>. Lucia Filaci mantiene il legame con la canzone e il linguaggio jazzistico, ma li attraversa con grande libert\u00e0 espressiva: testi originali in italiano, vocalit\u00e0 virtuosistica e multiforme, sfumature soul, intime e liriche. La voce \u00e8 cuore narrativo e identitario del disco: radicata, ma in costante movimento. Vittorio Cuculo approfondisce lo studio del suono come atto relazionale: il suo strumento non accompagna, ma guida, accoglie e rilancia, seguendo le metamorfosi della voce e affermando al tempo stesso la propria urgenza.<\/p>\n<p>Accanto a Filaci (voce, composizioni e testi) e Cuculo (sassofono e composizione del brano \u201cA due voci\u201d), il disco vede la collaborazione di Giuseppe Sacchi (pianoforte e tastiere), Giordano Panizza (contrabbasso e basso elettrico), Gianmarco De Nisi (batteria): un ensemble affiatato, parte attiva della costruzione sonora del progetto.<\/p>\n<p>Anche la scelta degli arrangiamenti segue una ricerca stilistica fluida e coerente, capace di sostenere l\u2019espressivit\u00e0 dei due solisti lungo <strong>una scaletta in costante evoluzione<\/strong>. L\u2019album si apre con sonorit\u00e0 acustiche e un linguaggio pi\u00f9 tradizionale, per poi mutare gradualmente: dalle prime atmosfere intime si passa alle sfumature elettroniche di <em>Che confusione<\/em>, fino a giungere all\u2019ultima traccia, <em>Mi metto nella musica<\/em>, dove <strong>l\u2019elettronica<\/strong> <strong>diventa protagonista<\/strong> e la voce stessa si arricchisce di effetti. In questo finale Filaci e Cuculo spingono la loro esplorazione oltre i confini, dando vita a un terreno di audace sperimentazione: vocalit\u00e0 lirica, pulsazioni sintetiche e linee di sassofono liquide si fondono in una forma aperta e cangiante.<\/p>\n<p>Un disco raffinato e avvolgente, dove suono e parola restano sempre vicini all\u2019emotivit\u00e0 di chi ascolta, trasformando ricordi, pensieri e sensazioni in un flusso continuo. Le note si fanno colori, che si mescolano e scorrono, si allontanano e si ricongiungono, fino a dissolversi nell\u2019eco dell\u2019ultima vibrazione.<\/p>\n","protected":false},"excerpt":{"rendered":"<p>Lucia Filaci &amp; Vittorio Cuculo (vincitori concorso LAZIOSound, categoria Jazz) &nbsp; Lucia Filaci\u00a0 voce Vittorio Cuculo\u00a0 alto sax Giuseppe Sacchi\u00a0 pianoforte e tastiere Giordano Panizza\u00a0 contrabbasso e basso elettrico Gian Marco De Nisi\u00a0 batteria &nbsp; A due voci \u00e8 il nuovo disco di Lucia Filaci &amp; Vittorio Cuculo, che esce il 28 novembre per AlfaMusic<a class=\"excerpt-read-more\" href=\"https:\/\/www.casadeljazz.com\/en\/evento\/lucia-filaci-vittorio-cuculo-a-due-voci\/\" title=\"ReadLucia Filaci &#038; Vittorio Cuculo &#8211; A due voci\">&#8230; Read more &raquo;<\/a><\/p>\n","protected":false},"featured_media":8230,"template":"","categoria-evento":[118],"tag-evento":[],"class_list":["post-8229","evento","type-evento","status-publish","has-post-thumbnail","hentry","categoria-evento-concerti"],"acf":[],"_links":{"self":[{"href":"https:\/\/www.casadeljazz.com\/en\/wp-json\/wp\/v2\/evento\/8229","targetHints":{"allow":["GET"]}}],"collection":[{"href":"https:\/\/www.casadeljazz.com\/en\/wp-json\/wp\/v2\/evento"}],"about":[{"href":"https:\/\/www.casadeljazz.com\/en\/wp-json\/wp\/v2\/types\/evento"}],"wp:featuredmedia":[{"embeddable":true,"href":"https:\/\/www.casadeljazz.com\/en\/wp-json\/wp\/v2\/media\/8230"}],"wp:attachment":[{"href":"https:\/\/www.casadeljazz.com\/en\/wp-json\/wp\/v2\/media?parent=8229"}],"wp:term":[{"taxonomy":"categoria-evento","embeddable":true,"href":"https:\/\/www.casadeljazz.com\/en\/wp-json\/wp\/v2\/categoria-evento?post=8229"},{"taxonomy":"tag-evento","embeddable":true,"href":"https:\/\/www.casadeljazz.com\/en\/wp-json\/wp\/v2\/tag-evento?post=8229"}],"curies":[{"name":"wp","href":"https:\/\/api.w.org\/{rel}","templated":true}]}}

<p style="text-align: center;"><strong>Lucia Filaci &amp; Vittorio Cuculo</strong></p>
<p style="text-align: center;">(vincitori concorso LAZIOSound, categoria Jazz)</p>
<p>&nbsp;</p>
<p style="text-align: center;"><strong>Lucia Filaci </strong> voce</p>
<p style="text-align: center;"><strong>Vittorio Cuculo</strong>  alto sax</p>
<p style="text-align: center;"><strong>Giuseppe Sacchi </strong> pianoforte e tastiere</p>
<p style="text-align: center;"><strong>Giordano Panizza </strong> contrabbasso e basso elettrico</p>
<p style="text-align: center;"><strong>Gian Marco De Nisi</strong>  batteria</p>
<p>&nbsp;</p>
<p><strong><em>A due voci</em></strong> è il nuovo disco di <strong>Lucia Filaci &amp; Vittorio Cuculo</strong>, che esce il 28 novembre per AlfaMusic e sarà presentato con questo <em>live</em> alla Casa del Jazz.</p>
<p>Dopo i rispettivi percorsi solistici – l’album <em>I Slept in Central Park</em> (Jando Music), omaggio a Massimo Urbani, di Vittorio Cuculo, e <em>A tu per tu</em> (Wow Records) di Lucia Filaci – i due artisti, vincitori della categoria jazz di LAZIOsound 2025, inaugurano con <em>A due voci</em> un nuovo capitolo della loro ricerca. La dualità non è più semplice introspezione, ma apertura autentica all’altro. Un disco che nasce dal desiderio di condividere scrittura, ricerca e scena, guidato dalla convinzione che la musica sia prima di tutto uno spazio di incontro e di crescita. Tecnica e ascolto, forma e improvvisazione si intrecciano in un equilibrio vivo e pulsante: il linguaggio jazz si apre a echi pop e al respiro della grande tradizione cantautorale italiana. Un album che abita la tradizione per riscriverla dall’interno, facendo della relazione – musicale e umana – il suo cuore.</p>
<p><strong>La voce e il sax</strong> si cercano, si infrangono e si trasformano in <strong>un dialogo intenso e mai prevedibile</strong>. Lucia Filaci mantiene il legame con la canzone e il linguaggio jazzistico, ma li attraversa con grande libertà espressiva: testi originali in italiano, vocalità virtuosistica e multiforme, sfumature soul, intime e liriche. La voce è cuore narrativo e identitario del disco: radicata, ma in costante movimento. Vittorio Cuculo approfondisce lo studio del suono come atto relazionale: il suo strumento non accompagna, ma guida, accoglie e rilancia, seguendo le metamorfosi della voce e affermando al tempo stesso la propria urgenza.</p>
<p>Accanto a Filaci (voce, composizioni e testi) e Cuculo (sassofono e composizione del brano “A due voci”), il disco vede la collaborazione di Giuseppe Sacchi (pianoforte e tastiere), Giordano Panizza (contrabbasso e basso elettrico), Gianmarco De Nisi (batteria): un ensemble affiatato, parte attiva della costruzione sonora del progetto.</p>
<p>Anche la scelta degli arrangiamenti segue una ricerca stilistica fluida e coerente, capace di sostenere l’espressività dei due solisti lungo <strong>una scaletta in costante evoluzione</strong>. L’album si apre con sonorità acustiche e un linguaggio più tradizionale, per poi mutare gradualmente: dalle prime atmosfere intime si passa alle sfumature elettroniche di <em>Che confusione</em>, fino a giungere all’ultima traccia, <em>Mi metto nella musica</em>, dove <strong>l’elettronica</strong> <strong>diventa protagonista</strong> e la voce stessa si arricchisce di effetti. In questo finale Filaci e Cuculo spingono la loro esplorazione oltre i confini, dando vita a un terreno di audace sperimentazione: vocalità lirica, pulsazioni sintetiche e linee di sassofono liquide si fondono in una forma aperta e cangiante.</p>
<p>Un disco raffinato e avvolgente, dove suono e parola restano sempre vicini all’emotività di chi ascolta, trasformando ricordi, pensieri e sensazioni in un flusso continuo. Le note si fanno colori, che si mescolano e scorrono, si allontanano e si ricongiungono, fino a dissolversi nell’eco dell’ultima vibrazione.</p>

<p>Lucia Filaci &amp; Vittorio Cuculo (vincitori concorso LAZIOSound, categoria Jazz) &nbsp; Lucia Filaci  voce Vittorio Cuculo  alto sax Giuseppe Sacchi  pianoforte e tastiere Giordano Panizza  contrabbasso e basso elettrico Gian Marco De Nisi  batteria &nbsp; A due voci è il nuovo disco di Lucia Filaci &amp; Vittorio Cuculo, che esce il 28 novembre per AlfaMusic<a class="excerpt-read-more" href="https://www.casadeljazz.com/en/evento/lucia-filaci-vittorio-cuculo-a-due-voci/" title="ReadLucia Filaci &#038; Vittorio Cuculo &#8211; A due voci">&#8230; Read more &raquo;</a></p>
