{"id":8211,"date":"2025-10-17T19:54:35","date_gmt":"2025-10-17T17:54:35","guid":{"rendered":"https:\/\/www.casadeljazz.com\/?post_type=evento&#038;p=8211"},"modified":"2025-10-21T09:24:07","modified_gmt":"2025-10-21T07:24:07","slug":"gilad-atzmon-european-4tet-praying-for-more-songs-to-come","status":"publish","type":"evento","link":"https:\/\/www.casadeljazz.com\/en\/evento\/gilad-atzmon-european-4tet-praying-for-more-songs-to-come\/","title":{"rendered":"Gilad Atzmon\/Daniel Bulatkin European 4et  &#8211; &#8220;Praying for More Songs to Come&#8221;"},"content":{"rendered":"<p style=\"text-align: center;\"><strong>Gilad Atzmon\u00a0<\/strong> sassofoni e clarinetto<\/p>\n<p style=\"text-align: center;\"><strong>Daniel Bulatkin<\/strong>\u00a0 pianoforte<\/p>\n<p style=\"text-align: center;\"><strong>Taras Volos\u00a0<\/strong> contrabbasso<\/p>\n<p style=\"text-align: center;\"><strong>Du\u0161an \u010cern\u00e1k<\/strong>\u00a0 batteria<\/p>\n<p>Gilad Atzmon, polistrumentista britannico residente in Grecia, incarna una delle personalit\u00e0 pi\u00f9 versatili della scena jazz contemporanea. Strumentista di sassofoni, clarinetto e fiati etnici, \u00e8 stato definito dal Guardian &#8220;l&#8217;uomo pi\u00f9 laborioso del jazz britannico&#8221;, conquistando riconoscimento attraverso costanti tourn\u00e9e internazionali.<\/p>\n<p>La sua traiettoria artistica documenta collaborazioni di rilievo: dai Blockheads con Ian Dury a progetti con Robbie Williams, Sin\u00e9ad O&#8217;Connor e Paul McCartney. Ha inoltre registrato con Robert Wyatt, Steve Howe e i Pink Floyd, figurando nell&#8217;album &#8220;The Endless River&#8221;.\u00a0Come bandleader, Atzmon ha sviluppato un linguaggio distintivo che sintetizza l&#8217;eredit\u00e0 bebop con le radici mediorientali, talvolta con acutezza ironica. Ispirato dall&#8217;approccio sardonico di Coltrane, le sue esecuzioni live si caratterizzano per intensit\u00e0 trascinante. La sua formazione attuale riunisce talenti europei emergenti: il pianista ceco Daniel Bulatkin, il bassista ucraino Taras Volos e il batterista slovacco Du\u0161an \u010cern\u00e1k.<\/p>\n<p>Bulatkin, a soli venticinque anni, rappresenta una delle voci predominanti del jazz ceco contemporaneo. La sua attivit\u00e0 concertistica lo vede collaboratore di riferimento per artisti internazionali quali Ulf Wakenius, Justin Faulkner e Gary Husband. Ha gi\u00e0 pubblicato tre album criticamente acclamati come co-leader, consolidando la propria posizione quale talento d&#8217;eccezione nella scena mitteleuropea.<\/p>\n","protected":false},"excerpt":{"rendered":"<p>Gilad Atzmon\u00a0 sassofoni e clarinetto Daniel Bulatkin\u00a0 pianoforte Taras Volos\u00a0 contrabbasso Du\u0161an \u010cern\u00e1k\u00a0 batteria Gilad Atzmon, polistrumentista britannico residente in Grecia, incarna una delle personalit\u00e0 pi\u00f9 versatili della scena jazz contemporanea. Strumentista di sassofoni, clarinetto e fiati etnici, \u00e8 stato definito dal Guardian &#8220;l&#8217;uomo pi\u00f9 laborioso del jazz britannico&#8221;, conquistando riconoscimento attraverso costanti tourn\u00e9e internazionali.<a class=\"excerpt-read-more\" href=\"https:\/\/www.casadeljazz.com\/en\/evento\/gilad-atzmon-european-4tet-praying-for-more-songs-to-come\/\" title=\"ReadGilad Atzmon\/Daniel Bulatkin European 4et  &#8211; &#8220;Praying for More Songs to Come&#8221;\">&#8230; Read more &raquo;<\/a><\/p>\n","protected":false},"featured_media":0,"template":"","categoria-evento":[118],"tag-evento":[],"class_list":["post-8211","evento","type-evento","status-publish","hentry","categoria-evento-concerti"],"acf":[],"_links":{"self":[{"href":"https:\/\/www.casadeljazz.com\/en\/wp-json\/wp\/v2\/evento\/8211","targetHints":{"allow":["GET"]}}],"collection":[{"href":"https:\/\/www.casadeljazz.com\/en\/wp-json\/wp\/v2\/evento"}],"about":[{"href":"https:\/\/www.casadeljazz.com\/en\/wp-json\/wp\/v2\/types\/evento"}],"wp:attachment":[{"href":"https:\/\/www.casadeljazz.com\/en\/wp-json\/wp\/v2\/media?parent=8211"}],"wp:term":[{"taxonomy":"categoria-evento","embeddable":true,"href":"https:\/\/www.casadeljazz.com\/en\/wp-json\/wp\/v2\/categoria-evento?post=8211"},{"taxonomy":"tag-evento","embeddable":true,"href":"https:\/\/www.casadeljazz.com\/en\/wp-json\/wp\/v2\/tag-evento?post=8211"}],"curies":[{"name":"wp","href":"https:\/\/api.w.org\/{rel}","templated":true}]}}

<p style="text-align: center;"><strong>Gilad Atzmon </strong> sassofoni e clarinetto</p>
<p style="text-align: center;"><strong>Daniel Bulatkin</strong>  pianoforte</p>
<p style="text-align: center;"><strong>Taras Volos </strong> contrabbasso</p>
<p style="text-align: center;"><strong>Dušan Černák</strong>  batteria</p>
<p>Gilad Atzmon, polistrumentista britannico residente in Grecia, incarna una delle personalità più versatili della scena jazz contemporanea. Strumentista di sassofoni, clarinetto e fiati etnici, è stato definito dal Guardian &#8220;l&#8217;uomo più laborioso del jazz britannico&#8221;, conquistando riconoscimento attraverso costanti tournée internazionali.</p>
<p>La sua traiettoria artistica documenta collaborazioni di rilievo: dai Blockheads con Ian Dury a progetti con Robbie Williams, Sinéad O&#8217;Connor e Paul McCartney. Ha inoltre registrato con Robert Wyatt, Steve Howe e i Pink Floyd, figurando nell&#8217;album &#8220;The Endless River&#8221;. Come bandleader, Atzmon ha sviluppato un linguaggio distintivo che sintetizza l&#8217;eredità bebop con le radici mediorientali, talvolta con acutezza ironica. Ispirato dall&#8217;approccio sardonico di Coltrane, le sue esecuzioni live si caratterizzano per intensità trascinante. La sua formazione attuale riunisce talenti europei emergenti: il pianista ceco Daniel Bulatkin, il bassista ucraino Taras Volos e il batterista slovacco Dušan Černák.</p>
<p>Bulatkin, a soli venticinque anni, rappresenta una delle voci predominanti del jazz ceco contemporaneo. La sua attività concertistica lo vede collaboratore di riferimento per artisti internazionali quali Ulf Wakenius, Justin Faulkner e Gary Husband. Ha già pubblicato tre album criticamente acclamati come co-leader, consolidando la propria posizione quale talento d&#8217;eccezione nella scena mitteleuropea.</p>

<p>Gilad Atzmon  sassofoni e clarinetto Daniel Bulatkin  pianoforte Taras Volos  contrabbasso Dušan Černák  batteria Gilad Atzmon, polistrumentista britannico residente in Grecia, incarna una delle personalità più versatili della scena jazz contemporanea. Strumentista di sassofoni, clarinetto e fiati etnici, è stato definito dal Guardian &#8220;l&#8217;uomo più laborioso del jazz britannico&#8221;, conquistando riconoscimento attraverso costanti tournée internazionali.<a class="excerpt-read-more" href="https://www.casadeljazz.com/en/evento/gilad-atzmon-european-4tet-praying-for-more-songs-to-come/" title="ReadGilad Atzmon/Daniel Bulatkin European 4et  &#8211; &#8220;Praying for More Songs to Come&#8221;">&#8230; Read more &raquo;</a></p>
