{"id":7933,"date":"2025-09-09T16:38:49","date_gmt":"2025-09-09T14:38:49","guid":{"rendered":"https:\/\/www.casadeljazz.com\/?post_type=evento&#038;p=7933"},"modified":"2025-09-09T16:38:49","modified_gmt":"2025-09-09T14:38:49","slug":"gege-munari-new-quintet","status":"publish","type":"evento","link":"https:\/\/www.casadeljazz.com\/en\/evento\/gege-munari-new-quintet\/","title":{"rendered":"Geg\u00e8 Munari New Quintet"},"content":{"rendered":"<div dir=\"ltr\">\n<blockquote>\n<div dir=\"ltr\">\n<div class=\"WordSection1\">\n<p class=\"p1\" style=\"text-align: center;\"><span class=\"s1\">GEG\u00c8 MUNARI NEW QUINTET<\/span><\/p>\n<p>&nbsp;<\/p>\n<\/div>\n<\/div>\n<\/blockquote>\n<div dir=\"ltr\">\n<div class=\"WordSection1\">\n<p class=\"p1\" style=\"text-align: center;\"><span class=\"s1\">Geg\u00e8 Munari batteria<\/span><\/p>\n<p class=\"p1\" style=\"text-align: center;\"><span class=\"s1\">Enrico Mianuli contrabbasso<\/span><\/p>\n<p class=\"p1\" style=\"text-align: center;\"><span class=\"s1\">Claudio Colasazza piano<\/span><\/p>\n<p class=\"p1\" style=\"text-align: center;\"><span class=\"s1\">Massimo Pirone trombone<\/span><\/p>\n<p class=\"p1\" style=\"text-align: center;\"><span class=\"s1\">Stefano Preziosi sax tenore<\/span><\/p>\n<\/div>\n<\/div>\n<div dir=\"ltr\"><strong>\u00a0<\/strong><\/div>\n<div dir=\"ltr\"><strong>\u00a0<\/strong><\/div>\n<div dir=\"ltr\"><strong>\u00a0<\/strong><\/div>\n<div dir=\"ltr\"><strong>Geg\u00e8 Munari<\/strong>, classe 1934,\u00e8 un\u2019autentica leggenda del jazz italiano. Napoletano, all\u2019inizio degli anni Cinquanta comincia a studiare lo strumento della batteria. Nei primi anni Sessanta si trasferisce a Roma e diventa ben presto uno dei batteristi jazz pi\u00f9 richiesti. Suona con\u00a0<strong>Gato Barbieri<\/strong>,\u00a0<strong>Enrico Rava<\/strong>,\u00a0<strong>Franco D\u2019Andrea<\/strong>. Partecipa anche al festival di Bologna con la cantante<strong>\u00a0Annie Ross<\/strong>. Pi\u00f9 tardi fa parte della sezione ritmica che accompagna i grandi solisti come<strong>\u00a0San Nistico<\/strong>,\u00a0<strong>Milt Jackson\u00a0<\/strong>e altri.La sua batteria accompagna anche i tour di\u00a0<strong>Martial Solal<\/strong>\u00a0e\u00a0<strong>Lee Konitz<\/strong>. Quest\u2019ultimo lo vuole con s\u00e9 anche nella realizzazione dell\u2019album \u201cStereokonitz\u201d. Sempre pi\u00f9 apprezzato accompagner\u00e0 in seguito alcuni tra i pi\u00f9 grandi musicisti della storia del jazz come\u00a0<strong>Mary Lou Williams, Jon Hendricks, Dizzy Reece, Johnny Griffin, Dexter Gordon, Chet Baker, Art Farmer<\/strong>\u00a0e molti altri.\u00a0<strong>Munari<\/strong>\u00a0\u00e8 anche leader di propri gruppi e autentico talent scout dei migliori giovani talenti italiani.<\/div>\n<\/div>\n","protected":false},"excerpt":{"rendered":"<p>GEG\u00c8 MUNARI NEW QUINTET &nbsp; Geg\u00e8 Munari batteria Enrico Mianuli contrabbasso Claudio Colasazza piano Massimo Pirone trombone Stefano Preziosi sax tenore \u00a0 \u00a0 \u00a0 Geg\u00e8 Munari, classe 1934,\u00e8 un\u2019autentica leggenda del jazz italiano. Napoletano, all\u2019inizio degli anni Cinquanta comincia a studiare lo strumento della batteria. Nei primi anni Sessanta si trasferisce a Roma e diventa<a class=\"excerpt-read-more\" href=\"https:\/\/www.casadeljazz.com\/en\/evento\/gege-munari-new-quintet\/\" title=\"ReadGeg\u00e8 Munari New Quintet\">&#8230; Read more &raquo;<\/a><\/p>\n","protected":false},"featured_media":7934,"template":"","categoria-evento":[118],"tag-evento":[],"class_list":["post-7933","evento","type-evento","status-publish","has-post-thumbnail","hentry","categoria-evento-concerti"],"acf":[],"_links":{"self":[{"href":"https:\/\/www.casadeljazz.com\/en\/wp-json\/wp\/v2\/evento\/7933","targetHints":{"allow":["GET"]}}],"collection":[{"href":"https:\/\/www.casadeljazz.com\/en\/wp-json\/wp\/v2\/evento"}],"about":[{"href":"https:\/\/www.casadeljazz.com\/en\/wp-json\/wp\/v2\/types\/evento"}],"wp:featuredmedia":[{"embeddable":true,"href":"https:\/\/www.casadeljazz.com\/en\/wp-json\/wp\/v2\/media\/7934"}],"wp:attachment":[{"href":"https:\/\/www.casadeljazz.com\/en\/wp-json\/wp\/v2\/media?parent=7933"}],"wp:term":[{"taxonomy":"categoria-evento","embeddable":true,"href":"https:\/\/www.casadeljazz.com\/en\/wp-json\/wp\/v2\/categoria-evento?post=7933"},{"taxonomy":"tag-evento","embeddable":true,"href":"https:\/\/www.casadeljazz.com\/en\/wp-json\/wp\/v2\/tag-evento?post=7933"}],"curies":[{"name":"wp","href":"https:\/\/api.w.org\/{rel}","templated":true}]}}

Gegè Munari New Quintet

<div dir="ltr">
<blockquote>
<div dir="ltr">
<div class="WordSection1">
<p class="p1" style="text-align: center;"><span class="s1">GEGÈ MUNARI NEW QUINTET</span></p>
<p>&nbsp;</p>
</div>
</div>
</blockquote>
<div dir="ltr">
<div class="WordSection1">
<p class="p1" style="text-align: center;"><span class="s1">Gegè Munari batteria</span></p>
<p class="p1" style="text-align: center;"><span class="s1">Enrico Mianuli contrabbasso</span></p>
<p class="p1" style="text-align: center;"><span class="s1">Claudio Colasazza piano</span></p>
<p class="p1" style="text-align: center;"><span class="s1">Massimo Pirone trombone</span></p>
<p class="p1" style="text-align: center;"><span class="s1">Stefano Preziosi sax tenore</span></p>
</div>
</div>
<div dir="ltr"><strong> </strong></div>
<div dir="ltr"><strong> </strong></div>
<div dir="ltr"><strong> </strong></div>
<div dir="ltr"><strong>Gegè Munari</strong>, classe 1934,è un’autentica leggenda del jazz italiano. Napoletano, all’inizio degli anni Cinquanta comincia a studiare lo strumento della batteria. Nei primi anni Sessanta si trasferisce a Roma e diventa ben presto uno dei batteristi jazz più richiesti. Suona con <strong>Gato Barbieri</strong>, <strong>Enrico Rava</strong>, <strong>Franco D’Andrea</strong>. Partecipa anche al festival di Bologna con la cantante<strong> Annie Ross</strong>. Più tardi fa parte della sezione ritmica che accompagna i grandi solisti come<strong> San Nistico</strong>, <strong>Milt Jackson </strong>e altri.La sua batteria accompagna anche i tour di <strong>Martial Solal</strong> e <strong>Lee Konitz</strong>. Quest’ultimo lo vuole con sé anche nella realizzazione dell’album “Stereokonitz”. Sempre più apprezzato accompagnerà in seguito alcuni tra i più grandi musicisti della storia del jazz come <strong>Mary Lou Williams, Jon Hendricks, Dizzy Reece, Johnny Griffin, Dexter Gordon, Chet Baker, Art Farmer</strong> e molti altri. <strong>Munari</strong> è anche leader di propri gruppi e autentico talent scout dei migliori giovani talenti italiani.</div>
</div>

<p>GEGÈ MUNARI NEW QUINTET &nbsp; Gegè Munari batteria Enrico Mianuli contrabbasso Claudio Colasazza piano Massimo Pirone trombone Stefano Preziosi sax tenore       Gegè Munari, classe 1934,è un’autentica leggenda del jazz italiano. Napoletano, all’inizio degli anni Cinquanta comincia a studiare lo strumento della batteria. Nei primi anni Sessanta si trasferisce a Roma e diventa<a class="excerpt-read-more" href="https://www.casadeljazz.com/en/evento/gege-munari-new-quintet/" title="ReadGegè Munari New Quintet">&#8230; Read more &raquo;</a></p>
