{"id":7779,"date":"2025-08-26T15:13:15","date_gmt":"2025-08-26T13:13:15","guid":{"rendered":"https:\/\/www.casadeljazz.com\/?post_type=evento&#038;p=7779"},"modified":"2025-08-26T15:13:15","modified_gmt":"2025-08-26T13:13:15","slug":"hakan-basar-trio","status":"publish","type":"evento","link":"https:\/\/www.casadeljazz.com\/en\/evento\/hakan-basar-trio\/","title":{"rendered":"Hakan Ba\u015far Trio"},"content":{"rendered":"<p style=\"text-align: center;\"><strong>Roma Jazz Festival 2025<\/strong><\/p>\n<p>&nbsp;<\/p>\n<p style=\"text-align: center;\">HAKAN BA\u015eAR TRIO<\/p>\n<p style=\"text-align: center;\">Hakan Ba\u015far\u00a0 pianoforte<\/p>\n<p style=\"text-align: center;\">Michelangelo Scandroglio\u00a0 contrabbasso<\/p>\n<p style=\"text-align: center;\">Bernardo Guerra\u00a0 batteria<\/p>\n<p>&nbsp;<\/p>\n<p>Hakan Ba\u015far \u00e8 un giovane talento del jazz nato nel 2004, che ha iniziato a suonare il pianoforte all&#8217;et\u00e0 di 8 anni. Ha studiato con il padre e ha approfondito il suo percorso musicale seguendo i curriculum di grandi pianisti jazz come Walter Norris, Clare Fisher, Chick Corea e molti altri. Fin da piccolo, ha partecipato a importanti festival e concerti, come il Pera Music Festival a 10 anni e l&#8217;Istanbul Jazz Festival a 12 anni, ricevendo l\u2019elogio di Chick Corea. Nel 2015 ha registrato le sue prime tracce in studio, e nel 2019 ha pubblicato l\u2019album &#8220;On Top Of The Roof&#8221; con Ubuntu Music, che gli ha aperto le porte a piattaforme internazionali e a eventi come il London Jazz Festival. Recentemente, ha anche pubblicato New Hub Art con musicisti leggendari come Jimmy Haslip e Will Kennedy degli Yellow Jackets, questo disco ha ricevuto ottimi commenti dalla critica internazionale.<\/p>\n","protected":false},"excerpt":{"rendered":"<p>Roma Jazz Festival 2025 &nbsp; HAKAN BA\u015eAR TRIO Hakan Ba\u015far\u00a0 pianoforte Michelangelo Scandroglio\u00a0 contrabbasso Bernardo Guerra\u00a0 batteria &nbsp; Hakan Ba\u015far \u00e8 un giovane talento del jazz nato nel 2004, che ha iniziato a suonare il pianoforte all&#8217;et\u00e0 di 8 anni. Ha studiato con il padre e ha approfondito il suo percorso musicale seguendo i curriculum<a class=\"excerpt-read-more\" href=\"https:\/\/www.casadeljazz.com\/en\/evento\/hakan-basar-trio\/\" title=\"ReadHakan Ba\u015far Trio\">&#8230; Read more &raquo;<\/a><\/p>\n","protected":false},"featured_media":7781,"template":"","categoria-evento":[118],"tag-evento":[],"class_list":["post-7779","evento","type-evento","status-publish","has-post-thumbnail","hentry","categoria-evento-concerti"],"acf":[],"_links":{"self":[{"href":"https:\/\/www.casadeljazz.com\/en\/wp-json\/wp\/v2\/evento\/7779","targetHints":{"allow":["GET"]}}],"collection":[{"href":"https:\/\/www.casadeljazz.com\/en\/wp-json\/wp\/v2\/evento"}],"about":[{"href":"https:\/\/www.casadeljazz.com\/en\/wp-json\/wp\/v2\/types\/evento"}],"wp:featuredmedia":[{"embeddable":true,"href":"https:\/\/www.casadeljazz.com\/en\/wp-json\/wp\/v2\/media\/7781"}],"wp:attachment":[{"href":"https:\/\/www.casadeljazz.com\/en\/wp-json\/wp\/v2\/media?parent=7779"}],"wp:term":[{"taxonomy":"categoria-evento","embeddable":true,"href":"https:\/\/www.casadeljazz.com\/en\/wp-json\/wp\/v2\/categoria-evento?post=7779"},{"taxonomy":"tag-evento","embeddable":true,"href":"https:\/\/www.casadeljazz.com\/en\/wp-json\/wp\/v2\/tag-evento?post=7779"}],"curies":[{"name":"wp","href":"https:\/\/api.w.org\/{rel}","templated":true}]}}

Hakan Başar Trio

<p style="text-align: center;"><strong>Roma Jazz Festival 2025</strong></p>
<p>&nbsp;</p>
<p style="text-align: center;">HAKAN BAŞAR TRIO</p>
<p style="text-align: center;">Hakan Başar  pianoforte</p>
<p style="text-align: center;">Michelangelo Scandroglio  contrabbasso</p>
<p style="text-align: center;">Bernardo Guerra  batteria</p>
<p>&nbsp;</p>
<p>Hakan Başar è un giovane talento del jazz nato nel 2004, che ha iniziato a suonare il pianoforte all&#8217;età di 8 anni. Ha studiato con il padre e ha approfondito il suo percorso musicale seguendo i curriculum di grandi pianisti jazz come Walter Norris, Clare Fisher, Chick Corea e molti altri. Fin da piccolo, ha partecipato a importanti festival e concerti, come il Pera Music Festival a 10 anni e l&#8217;Istanbul Jazz Festival a 12 anni, ricevendo l’elogio di Chick Corea. Nel 2015 ha registrato le sue prime tracce in studio, e nel 2019 ha pubblicato l’album &#8220;On Top Of The Roof&#8221; con Ubuntu Music, che gli ha aperto le porte a piattaforme internazionali e a eventi come il London Jazz Festival. Recentemente, ha anche pubblicato New Hub Art con musicisti leggendari come Jimmy Haslip e Will Kennedy degli Yellow Jackets, questo disco ha ricevuto ottimi commenti dalla critica internazionale.</p>

<p>Roma Jazz Festival 2025 &nbsp; HAKAN BAŞAR TRIO Hakan Başar  pianoforte Michelangelo Scandroglio  contrabbasso Bernardo Guerra  batteria &nbsp; Hakan Başar è un giovane talento del jazz nato nel 2004, che ha iniziato a suonare il pianoforte all&#8217;età di 8 anni. Ha studiato con il padre e ha approfondito il suo percorso musicale seguendo i curriculum<a class="excerpt-read-more" href="https://www.casadeljazz.com/en/evento/hakan-basar-trio/" title="ReadHakan Başar Trio">&#8230; Read more &raquo;</a></p>
