{"id":7772,"date":"2025-08-26T12:53:37","date_gmt":"2025-08-26T10:53:37","guid":{"rendered":"https:\/\/www.casadeljazz.com\/?post_type=evento&#038;p=7772"},"modified":"2025-10-14T09:30:56","modified_gmt":"2025-10-14T07:30:56","slug":"dock-in-absolute","status":"publish","type":"evento","link":"https:\/\/www.casadeljazz.com\/en\/evento\/dock-in-absolute\/","title":{"rendered":"Dock in Absolute"},"content":{"rendered":"<p style=\"text-align: center;\"><strong>Roma Jazz Festival 2025<\/strong><\/p>\n<p>&nbsp;<\/p>\n<p style=\"text-align: center;\"><strong>DOCK IN ABSOLUTE<\/strong><\/p>\n<p style=\"text-align: center;\">Jean-Philippe Koch\u00a0 piano e composizione<\/p>\n<p style=\"text-align: center;\">David Kintziger\u00a0 basso<\/p>\n<p style=\"text-align: center;\">Victor Kraus\u00a0 batteria<\/p>\n<p>&nbsp;<\/p>\n<p>Dock In Absolute \u00e8 un trio lussemburghese, attivo dal 2012, che unisce jazz progressivo, musica classica e rock. Il loro sound \u00e8 dinamico e sorprendente, alternando passaggi lirici e travolgenti, eleganza e impeto, virtuosismo e intensit\u00e0. Ogni brano \u00e8 un viaggio sonoro con melodie ipnotiche e basi luminose. Dimostrano che il jazz pu\u00f2 rinnovarsi abbattendo barriere di genere, con una sintesi potente tra pianoforte, basso elettrico e batteria. Dal 2017 hanno pubblicato tre album con CAM JAZZ; l\u2019ultimo, Unlikely (2023), \u00e8 stato inserito tra i &#8220;100 Greatest Albums of the Year&#8221; da Jazzit Magazine. Riconosciuti a livello internazionale, sono stati due volte &#8220;Export Artist of the Year&#8221; da music:LX e &#8220;Discovery Artist of the Year&#8221; da Jazznews. Le loro performance dal vivo sono coinvolgenti e magnetiche, dimostrando come il jazz possa parlare al presente e guardare al futuro.<\/p>\n","protected":false},"excerpt":{"rendered":"<p>Roma Jazz Festival 2025 &nbsp; DOCK IN ABSOLUTE Jean-Philippe Koch\u00a0 piano e composizione David Kintziger\u00a0 basso Victor Kraus\u00a0 batteria &nbsp; Dock In Absolute \u00e8 un trio lussemburghese, attivo dal 2012, che unisce jazz progressivo, musica classica e rock. Il loro sound \u00e8 dinamico e sorprendente, alternando passaggi lirici e travolgenti, eleganza e impeto, virtuosismo e<a class=\"excerpt-read-more\" href=\"https:\/\/www.casadeljazz.com\/en\/evento\/dock-in-absolute\/\" title=\"ReadDock in Absolute\">&#8230; Read more &raquo;<\/a><\/p>\n","protected":false},"featured_media":8156,"template":"","categoria-evento":[118],"tag-evento":[],"class_list":["post-7772","evento","type-evento","status-publish","has-post-thumbnail","hentry","categoria-evento-concerti"],"acf":[],"_links":{"self":[{"href":"https:\/\/www.casadeljazz.com\/en\/wp-json\/wp\/v2\/evento\/7772","targetHints":{"allow":["GET"]}}],"collection":[{"href":"https:\/\/www.casadeljazz.com\/en\/wp-json\/wp\/v2\/evento"}],"about":[{"href":"https:\/\/www.casadeljazz.com\/en\/wp-json\/wp\/v2\/types\/evento"}],"wp:featuredmedia":[{"embeddable":true,"href":"https:\/\/www.casadeljazz.com\/en\/wp-json\/wp\/v2\/media\/8156"}],"wp:attachment":[{"href":"https:\/\/www.casadeljazz.com\/en\/wp-json\/wp\/v2\/media?parent=7772"}],"wp:term":[{"taxonomy":"categoria-evento","embeddable":true,"href":"https:\/\/www.casadeljazz.com\/en\/wp-json\/wp\/v2\/categoria-evento?post=7772"},{"taxonomy":"tag-evento","embeddable":true,"href":"https:\/\/www.casadeljazz.com\/en\/wp-json\/wp\/v2\/tag-evento?post=7772"}],"curies":[{"name":"wp","href":"https:\/\/api.w.org\/{rel}","templated":true}]}}

<p style="text-align: center;"><strong>Roma Jazz Festival 2025</strong></p>
<p>&nbsp;</p>
<p style="text-align: center;"><strong>DOCK IN ABSOLUTE</strong></p>
<p style="text-align: center;">Jean-Philippe Koch  piano e composizione</p>
<p style="text-align: center;">David Kintziger  basso</p>
<p style="text-align: center;">Victor Kraus  batteria</p>
<p>&nbsp;</p>
<p>Dock In Absolute è un trio lussemburghese, attivo dal 2012, che unisce jazz progressivo, musica classica e rock. Il loro sound è dinamico e sorprendente, alternando passaggi lirici e travolgenti, eleganza e impeto, virtuosismo e intensità. Ogni brano è un viaggio sonoro con melodie ipnotiche e basi luminose. Dimostrano che il jazz può rinnovarsi abbattendo barriere di genere, con una sintesi potente tra pianoforte, basso elettrico e batteria. Dal 2017 hanno pubblicato tre album con CAM JAZZ; l’ultimo, Unlikely (2023), è stato inserito tra i &#8220;100 Greatest Albums of the Year&#8221; da Jazzit Magazine. Riconosciuti a livello internazionale, sono stati due volte &#8220;Export Artist of the Year&#8221; da music:LX e &#8220;Discovery Artist of the Year&#8221; da Jazznews. Le loro performance dal vivo sono coinvolgenti e magnetiche, dimostrando come il jazz possa parlare al presente e guardare al futuro.</p>

<p>Roma Jazz Festival 2025 &nbsp; DOCK IN ABSOLUTE Jean-Philippe Koch  piano e composizione David Kintziger  basso Victor Kraus  batteria &nbsp; Dock In Absolute è un trio lussemburghese, attivo dal 2012, che unisce jazz progressivo, musica classica e rock. Il loro sound è dinamico e sorprendente, alternando passaggi lirici e travolgenti, eleganza e impeto, virtuosismo e<a class="excerpt-read-more" href="https://www.casadeljazz.com/en/evento/dock-in-absolute/" title="ReadDock in Absolute">&#8230; Read more &raquo;</a></p>
