{"id":7637,"date":"2025-09-04T09:58:20","date_gmt":"2025-09-04T07:58:20","guid":{"rendered":"https:\/\/www.casadeljazz.com\/?post_type=evento&#038;p=7637"},"modified":"2025-09-04T10:15:54","modified_gmt":"2025-09-04T08:15:54","slug":"la-forma-dellacqua-omaggio-ad-andrea-camilleri","status":"publish","type":"evento","link":"https:\/\/www.casadeljazz.com\/en\/evento\/la-forma-dellacqua-omaggio-ad-andrea-camilleri\/","title":{"rendered":"La forma dell&#8217;acqua &#8211; Omaggio ad Andrea Camilleri"},"content":{"rendered":"<p style=\"text-align: center;\"><strong><em>La forma dell\u2019acqua &#8211; <\/em>Omaggio ad Andrea Camilleri (nel centenario della nascita) <\/strong><\/p>\n<p style=\"text-align: center;\">Lisa Natoli voce narrante<\/p>\n<p style=\"text-align: center;\">Gabriele Coen\u00a0 sassofono<\/p>\n<p style=\"text-align: center;\">Alessandro Gwis\u00a0 pianoforte<\/p>\n<p style=\"text-align: center;\"><em>Produzione originale<\/em><\/p>\n<p style=\"text-align: center;\"><strong><em>\u00a0<\/em><\/strong><\/p>\n<p><strong>La forma dell<\/strong><strong>\u2019<\/strong><strong>acqua<\/strong> \u00e8 il primo memorabile romanzo in cui appare il commissario Montalbano. \u00c8 il 1994. Scrive Michele Serra: \u00abNella sua scena d\u2019esordio nel mondo della pagina scritta Salvo Montalbano non c\u2019\u00e8. O meglio c\u2019\u00e8, ma non \u00e8 tra noi. Sta dormendo. E sta sognando. Non un sogno ordinario, un sogno erotico. Viene interrotto bruscamente da una telefonata. Un uomo \u00e8 morto. Strappato a s\u00e9 stesso, il commissario impreca mentre tenta di afferrare \u201cnon tanto la cornetta quanto i lembi fluttuanti del sogno che inesorabilmente svaniva\u201d. Una chiamata al mondo improvvisa e traumatica. Da quel momento Salvo Montalbano ci appartiene: \u00e8 stato consegnato dal suo autore ai lettori e agli spettatori\u00bb.<\/p>\n<p>Ne <strong>La forma dell<\/strong><strong>\u2019<\/strong><strong>acqua<\/strong> c\u2019\u00e8 anche il primo omicidio letterario in terra di mafia della seconda repubblica, un omicidio eccellente seguito da un altro, secondo il decorso cui hanno abituato le cronache della criminalit\u00e0 organizzata. L\u2019omicidio ha la forma dell&#8217;acqua. Prende la forma del recipiente che lo contiene. E la morte dell&#8217;ingegnere Luparello si spande tra gli alambicchi ritorti e i vasi inopinatamente comunicanti del comitato affaristico politico-mafioso che domina la cittadina di Vig\u00e0ta. Questa \u00e8 la sua forma. Ma la sua sostanza &#8211; il colpevole, il movente, le circostanze dell&#8217;assassinio &#8211; \u00e8 pi\u00f9 antica, pi\u00f9 resistente e pi\u00f9 appassionante, a misura di un perfetto racconto poliziesco. Camilleri, manovra il romanzo giallo con felice inventiva, ironia e intelligenza di scrittura, dove l\u2019alto e il basso che si confondono e fanno le capriole. Vivide, malinconiche e implacabili, le storie che ci racconta parlano di corruzione, di connivenze, di ingiustizie e di povere anime. Favole tinte di un nero inquietante.<\/p>\n<p>La drammaturgia sonora de <strong>La forma dell<\/strong><strong>\u2019<\/strong><strong>acqua <\/strong>si \u00e8 costruita come un omaggio a un folklore immaginario della musica mediterranea, rifacendosi a composizioni originali e brani tradizionali rielaborati in un <em>ambiente<\/em> contemporaneo. I suoni materici del legno &#8211; pianoforte, clarinetto, clarinetto basso &#8211; e dell\u2019ottone &#8211; sassofono &#8211; dialogano cos\u00ec con i paesaggi sonori elettronici, creando un contrappunto narrativo al testo stesso e all\u2019andamento della voce, sincopato e imprevedibile come la trama, o sonnolento e quasi ipnotico come i lembi liquidi di un sogno.<\/p>\n","protected":false},"excerpt":{"rendered":"<p>La forma dell\u2019acqua &#8211; Omaggio ad Andrea Camilleri (nel centenario della nascita) Lisa Natoli voce narrante Gabriele Coen\u00a0 sassofono Alessandro Gwis\u00a0 pianoforte Produzione originale \u00a0 La forma dell\u2019acqua \u00e8 il primo memorabile romanzo in cui appare il commissario Montalbano. \u00c8 il 1994. Scrive Michele Serra: \u00abNella sua scena d\u2019esordio nel mondo della pagina scritta Salvo<a class=\"excerpt-read-more\" href=\"https:\/\/www.casadeljazz.com\/en\/evento\/la-forma-dellacqua-omaggio-ad-andrea-camilleri\/\" title=\"ReadLa forma dell&#8217;acqua &#8211; Omaggio ad Andrea Camilleri\">&#8230; Read more &raquo;<\/a><\/p>\n","protected":false},"featured_media":7696,"template":"","categoria-evento":[118],"tag-evento":[],"class_list":["post-7637","evento","type-evento","status-publish","has-post-thumbnail","hentry","categoria-evento-concerti"],"acf":[],"_links":{"self":[{"href":"https:\/\/www.casadeljazz.com\/en\/wp-json\/wp\/v2\/evento\/7637","targetHints":{"allow":["GET"]}}],"collection":[{"href":"https:\/\/www.casadeljazz.com\/en\/wp-json\/wp\/v2\/evento"}],"about":[{"href":"https:\/\/www.casadeljazz.com\/en\/wp-json\/wp\/v2\/types\/evento"}],"wp:featuredmedia":[{"embeddable":true,"href":"https:\/\/www.casadeljazz.com\/en\/wp-json\/wp\/v2\/media\/7696"}],"wp:attachment":[{"href":"https:\/\/www.casadeljazz.com\/en\/wp-json\/wp\/v2\/media?parent=7637"}],"wp:term":[{"taxonomy":"categoria-evento","embeddable":true,"href":"https:\/\/www.casadeljazz.com\/en\/wp-json\/wp\/v2\/categoria-evento?post=7637"},{"taxonomy":"tag-evento","embeddable":true,"href":"https:\/\/www.casadeljazz.com\/en\/wp-json\/wp\/v2\/tag-evento?post=7637"}],"curies":[{"name":"wp","href":"https:\/\/api.w.org\/{rel}","templated":true}]}}

<p style="text-align: center;"><strong><em>La forma dell’acqua &#8211; </em>Omaggio ad Andrea Camilleri (nel centenario della nascita) </strong></p>
<p style="text-align: center;">Lisa Natoli voce narrante</p>
<p style="text-align: center;">Gabriele Coen  sassofono</p>
<p style="text-align: center;">Alessandro Gwis  pianoforte</p>
<p style="text-align: center;"><em>Produzione originale</em></p>
<p style="text-align: center;"><strong><em> </em></strong></p>
<p><strong>La forma dell</strong><strong>’</strong><strong>acqua</strong> è il primo memorabile romanzo in cui appare il commissario Montalbano. È il 1994. Scrive Michele Serra: «Nella sua scena d’esordio nel mondo della pagina scritta Salvo Montalbano non c’è. O meglio c’è, ma non è tra noi. Sta dormendo. E sta sognando. Non un sogno ordinario, un sogno erotico. Viene interrotto bruscamente da una telefonata. Un uomo è morto. Strappato a sé stesso, il commissario impreca mentre tenta di afferrare “non tanto la cornetta quanto i lembi fluttuanti del sogno che inesorabilmente svaniva”. Una chiamata al mondo improvvisa e traumatica. Da quel momento Salvo Montalbano ci appartiene: è stato consegnato dal suo autore ai lettori e agli spettatori».</p>
<p>Ne <strong>La forma dell</strong><strong>’</strong><strong>acqua</strong> c’è anche il primo omicidio letterario in terra di mafia della seconda repubblica, un omicidio eccellente seguito da un altro, secondo il decorso cui hanno abituato le cronache della criminalità organizzata. L’omicidio ha la forma dell&#8217;acqua. Prende la forma del recipiente che lo contiene. E la morte dell&#8217;ingegnere Luparello si spande tra gli alambicchi ritorti e i vasi inopinatamente comunicanti del comitato affaristico politico-mafioso che domina la cittadina di Vigàta. Questa è la sua forma. Ma la sua sostanza &#8211; il colpevole, il movente, le circostanze dell&#8217;assassinio &#8211; è più antica, più resistente e più appassionante, a misura di un perfetto racconto poliziesco. Camilleri, manovra il romanzo giallo con felice inventiva, ironia e intelligenza di scrittura, dove l’alto e il basso che si confondono e fanno le capriole. Vivide, malinconiche e implacabili, le storie che ci racconta parlano di corruzione, di connivenze, di ingiustizie e di povere anime. Favole tinte di un nero inquietante.</p>
<p>La drammaturgia sonora de <strong>La forma dell</strong><strong>’</strong><strong>acqua </strong>si è costruita come un omaggio a un folklore immaginario della musica mediterranea, rifacendosi a composizioni originali e brani tradizionali rielaborati in un <em>ambiente</em> contemporaneo. I suoni materici del legno &#8211; pianoforte, clarinetto, clarinetto basso &#8211; e dell’ottone &#8211; sassofono &#8211; dialogano così con i paesaggi sonori elettronici, creando un contrappunto narrativo al testo stesso e all’andamento della voce, sincopato e imprevedibile come la trama, o sonnolento e quasi ipnotico come i lembi liquidi di un sogno.</p>

<p>La forma dell’acqua &#8211; Omaggio ad Andrea Camilleri (nel centenario della nascita) Lisa Natoli voce narrante Gabriele Coen  sassofono Alessandro Gwis  pianoforte Produzione originale   La forma dell’acqua è il primo memorabile romanzo in cui appare il commissario Montalbano. È il 1994. Scrive Michele Serra: «Nella sua scena d’esordio nel mondo della pagina scritta Salvo<a class="excerpt-read-more" href="https://www.casadeljazz.com/en/evento/la-forma-dellacqua-omaggio-ad-andrea-camilleri/" title="ReadLa forma dell&#8217;acqua &#8211; Omaggio ad Andrea Camilleri">&#8230; Read more &raquo;</a></p>
