{"id":7633,"date":"2025-09-04T09:57:11","date_gmt":"2025-09-04T07:57:11","guid":{"rendered":"https:\/\/www.casadeljazz.com\/?post_type=evento&#038;p=7633"},"modified":"2025-09-04T09:57:11","modified_gmt":"2025-09-04T07:57:11","slug":"servillo-girotto-mangalavite-lanno-che-verra","status":"publish","type":"evento","link":"https:\/\/www.casadeljazz.com\/en\/evento\/servillo-girotto-mangalavite-lanno-che-verra\/","title":{"rendered":"Servillo, Girotto, Mangalavite &#8211; L&#8217;anno che verr\u00e0"},"content":{"rendered":"<p style=\"text-align: center;\"><strong><em>L<\/em>\u2019<em>anno che verr\u00e0 <\/em><\/strong><\/p>\n<p style=\"text-align: center;\">Peppe Servillo\u00a0 voce<\/p>\n<p style=\"text-align: center;\">Javier Girotto\u00a0 sax soprano, baritono<\/p>\n<p style=\"text-align: center;\">Natalio Mangalavite\u00a0 pianoforte, tastiere, voce<\/p>\n<p>&nbsp;<\/p>\n<p><em>L&#8217;anno che verr\u00e0<\/em> ci sembrava il titolo pi\u00f9 indicato, visto l&#8217;anno che abbiamo passato e ci auguriamo davvero che&#8230;sar\u00e0 tre volte Natale e festa tutto l\u2019anno!<br \/>\nLucio Dalla sapeva indagare il futuro con le sue canzoni da profeta e per questo ci avviamo con la lampada a ripercorrerle, canzoni antiche come la terra, ma con dentro un motore che guarda il domani.<br \/>\nDalla ha sempre intercettato il comune sentire traducendolo in forma poetica e popolare, e le sue grandi doti di interprete hanno contribuito non poco a ci\u00f2. A noi, il tentativo di rileggere i suoi brani tenendo conto di tutto questo, sperando di indagare e ritrovare nella sua scrittura la capacit\u00e0 di fare della canzone un segnale imprescindibile del nostro cercare la vita, del fare poesia \u201c.<\/p>\n<p>&nbsp;<\/p>\n","protected":false},"excerpt":{"rendered":"<p>L\u2019anno che verr\u00e0 Peppe Servillo\u00a0 voce Javier Girotto\u00a0 sax soprano, baritono Natalio Mangalavite\u00a0 pianoforte, tastiere, voce &nbsp; L&#8217;anno che verr\u00e0 ci sembrava il titolo pi\u00f9 indicato, visto l&#8217;anno che abbiamo passato e ci auguriamo davvero che&#8230;sar\u00e0 tre volte Natale e festa tutto l\u2019anno! Lucio Dalla sapeva indagare il futuro con le sue canzoni da profeta<a class=\"excerpt-read-more\" href=\"https:\/\/www.casadeljazz.com\/en\/evento\/servillo-girotto-mangalavite-lanno-che-verra\/\" title=\"ReadServillo, Girotto, Mangalavite &#8211; L&#8217;anno che verr\u00e0\">&#8230; Read more &raquo;<\/a><\/p>\n","protected":false},"featured_media":0,"template":"","categoria-evento":[118],"tag-evento":[],"class_list":["post-7633","evento","type-evento","status-publish","hentry","categoria-evento-concerti"],"acf":[],"_links":{"self":[{"href":"https:\/\/www.casadeljazz.com\/en\/wp-json\/wp\/v2\/evento\/7633","targetHints":{"allow":["GET"]}}],"collection":[{"href":"https:\/\/www.casadeljazz.com\/en\/wp-json\/wp\/v2\/evento"}],"about":[{"href":"https:\/\/www.casadeljazz.com\/en\/wp-json\/wp\/v2\/types\/evento"}],"wp:attachment":[{"href":"https:\/\/www.casadeljazz.com\/en\/wp-json\/wp\/v2\/media?parent=7633"}],"wp:term":[{"taxonomy":"categoria-evento","embeddable":true,"href":"https:\/\/www.casadeljazz.com\/en\/wp-json\/wp\/v2\/categoria-evento?post=7633"},{"taxonomy":"tag-evento","embeddable":true,"href":"https:\/\/www.casadeljazz.com\/en\/wp-json\/wp\/v2\/tag-evento?post=7633"}],"curies":[{"name":"wp","href":"https:\/\/api.w.org\/{rel}","templated":true}]}}

Servillo, Girotto, Mangalavite &#8211; L&#8217;anno che verrà

<p style="text-align: center;"><strong><em>L</em>’<em>anno che verrà </em></strong></p>
<p style="text-align: center;">Peppe Servillo  voce</p>
<p style="text-align: center;">Javier Girotto  sax soprano, baritono</p>
<p style="text-align: center;">Natalio Mangalavite  pianoforte, tastiere, voce</p>
<p>&nbsp;</p>
<p><em>L&#8217;anno che verrà</em> ci sembrava il titolo più indicato, visto l&#8217;anno che abbiamo passato e ci auguriamo davvero che&#8230;sarà tre volte Natale e festa tutto l’anno!<br />
Lucio Dalla sapeva indagare il futuro con le sue canzoni da profeta e per questo ci avviamo con la lampada a ripercorrerle, canzoni antiche come la terra, ma con dentro un motore che guarda il domani.<br />
Dalla ha sempre intercettato il comune sentire traducendolo in forma poetica e popolare, e le sue grandi doti di interprete hanno contribuito non poco a ciò. A noi, il tentativo di rileggere i suoi brani tenendo conto di tutto questo, sperando di indagare e ritrovare nella sua scrittura la capacità di fare della canzone un segnale imprescindibile del nostro cercare la vita, del fare poesia “.</p>
<p>&nbsp;</p>

<p>L’anno che verrà Peppe Servillo  voce Javier Girotto  sax soprano, baritono Natalio Mangalavite  pianoforte, tastiere, voce &nbsp; L&#8217;anno che verrà ci sembrava il titolo più indicato, visto l&#8217;anno che abbiamo passato e ci auguriamo davvero che&#8230;sarà tre volte Natale e festa tutto l’anno! Lucio Dalla sapeva indagare il futuro con le sue canzoni da profeta<a class="excerpt-read-more" href="https://www.casadeljazz.com/en/evento/servillo-girotto-mangalavite-lanno-che-verra/" title="ReadServillo, Girotto, Mangalavite &#8211; L&#8217;anno che verrà">&#8230; Read more &raquo;</a></p>
