{"id":7617,"date":"2025-09-04T09:54:50","date_gmt":"2025-09-04T07:54:50","guid":{"rendered":"https:\/\/www.casadeljazz.com\/?post_type=evento&#038;p=7617"},"modified":"2025-09-04T09:54:50","modified_gmt":"2025-09-04T07:54:50","slug":"claude-tchamitchian-gianluigi-trovesi-orobico-quintet","status":"publish","type":"evento","link":"https:\/\/www.casadeljazz.com\/en\/evento\/claude-tchamitchian-gianluigi-trovesi-orobico-quintet\/","title":{"rendered":"Claude Tchamitchian &#8211; Gianluigi Trovesi, Orobico Quintet"},"content":{"rendered":"<p style=\"text-align: center;\"><strong>SET 1<\/strong><\/p>\n<p style=\"text-align: center;\"><strong><em>In Spirit <\/em><\/strong><\/p>\n<p style=\"text-align: center;\">Claude Tchamitchian <em>solo<\/em> <em>contrabbasso\u00a0<\/em><\/p>\n<p style=\"text-align: center;\"><em>Produzione originale<\/em><\/p>\n<p><em>In Spirit<\/em> \u00e8 il terzo progetto solista del famoso contrabbassista e compositore Claude Tchamitchian, una figura di spicco del jazz europeo contemporaneo. Questo nuovo lavoro \u00e8 una testimonianza del suo impegno duraturo nell&#8217;esplorare nuovi territori musicali e nello sviluppare linguaggi unici specifici per il contrabbasso.<\/p>\n<p>Come ha scritto St\u00e9phane Ollivier (Jazz Magazine): \u201dTroppo spesso dimentichiamo che il primissimo album di Claude Tchamitchian come leader fu un assolo di contrabbasso\u201d.<\/p>\n<p>In &#8220;Jeux d&#8217;enfant&#8221;, registrato nel 1992, il giovane musicista, agli albori della sua carriera, gett\u00f2 con grande spontaneit\u00e0 le basi estetiche di un universo personale al tempo stesso lirico, gestuale e intimo, basato su una profonda intelligenza fisica ed emotiva dello strumento. Ventitr\u00e9 anni dopo, Claude Tchamitchian continua questa avventura da solista con un nuovo programma \u201cIn Spirit\u201d. &#8220;Questo processo ha gradualmente imposto la necessit\u00e0 di ricorrere a un secondo strumento. E poi ho avuto la fortuna di avere a disposizione uno dei due contrabbassi di Jean-Fran\u00e7ois Jenny-Clarke, un&#8217;opportunit\u00e0 meravigliosa che mi ha permesso di completare la creazione di questo assolo&#8230; proprio l&#8217;anno in cui ricorreva il 20\u00b0 anniversario della sua scomparsa, una coincidenza sorprendente\u201d. Claude Tchamitchian \u00e8 una delle figure pi\u00f9 importanti del jazz europeo. Tra abbandono emotivo e virtuosismo tecnico, con una fede sempre rinnovata nelle virt\u00f9 dell&#8217;improvvisazione, si abbandona all&#8217;esercizio introspettivo del solo. Affrontando con umilt\u00e0 la prova della verit\u00e0 del corpo a corpo con lo strumento, esplora nuovi territori e sviluppa nuovi linguaggi propri del contrabbasso affinch\u00e9 esso risuoni in cambio della sua voce pi\u00f9 intima, densa, vibrante e profondamente commovente. Sorprendente!<\/p>\n<p>&nbsp;<\/p>\n<p style=\"text-align: center;\"><strong>SET 2<\/strong><\/p>\n<p style=\"text-align: center;\"><strong><em>Mediterraneamente<\/em><\/strong><\/p>\n<p style=\"text-align: center;\">Gianluigi Trovesi, Orobico Quintet<\/p>\n<p style=\"text-align: center;\">Gianluigi Trovesi sax alto, clarinetti<\/p>\n<p style=\"text-align: center;\">Paolo Manzolini chitarra<\/p>\n<p style=\"text-align: center;\">Marco Esposito basso<\/p>\n<p style=\"text-align: center;\">Matteo Milesi batteria<\/p>\n<p style=\"text-align: center;\">Fulvio Maras percussioni<\/p>\n<p>\u201cMediterraneamente\u201d \u00e8 il nome di questo progetto. Ma cosa significa esattamente oggi essere mediterranei? Sicuramente avere un approccio melodico, in cui emerge la qualit\u00e0 del suono di Trovesi al sax contralto o al clarinetto piccolo e contralto, supportato da elementi timbrici, armonici, melodici e timbrici tipici di quell\u2019area. Il ritmo, interpretato dalla sensibilit\u00e0 onnivora di Matteo Milesi e Fulvio Maras, parte dalle danze del nostro sud per attraversare l&#8217;oceano, toccando l&#8217;Africa, il sud e centro America, sporcandosi col groove di NY e tornare nuovamente a casa nel giro di poche battute. \u201cMediterraneo\u201d \u00e8 l&#8217;equilibrio di un paesaggio pur sempre diverso, tra i cespugli della Sardegna e la sabbia bianca del Gargano; un paesaggio chiaro e limpido, come il fraseggio della chitarra di Paolo Manzolini che contrasta la bellezza della melodia pura di Trovesi. Spesso i due si invertono i ruoli, con Trovesi in veste di folletto free dal linguaggio parkeriano filtrato dalle lenti deformanti di Dolphy e Ornette. \u201cMediterraneo\u201d \u00e8 il blu profondo, uguale sulle coste dell&#8217;Africa o al largo della nostra penisola, in un continuum cromatico. \u00c8 proprio blu e blues sono i pedali del basso di Marco Esposito. Pedali ritmici e armonici che creano le fondamenta di una architettura musicale certa e definita, che sembra talvolta piegarsi sotto la furia del maestrale creativo di Trovesi ma poi si rialza ancora pi\u00f9 suadente con quel canto mediterraneo di grande bellezza e vitalit\u00e0.<\/p>\n<p>&nbsp;<\/p>\n<p>&nbsp;<\/p>\n","protected":false},"excerpt":{"rendered":"<p>SET 1 In Spirit Claude Tchamitchian solo contrabbasso\u00a0 Produzione originale In Spirit \u00e8 il terzo progetto solista del famoso contrabbassista e compositore Claude Tchamitchian, una figura di spicco del jazz europeo contemporaneo. Questo nuovo lavoro \u00e8 una testimonianza del suo impegno duraturo nell&#8217;esplorare nuovi territori musicali e nello sviluppare linguaggi unici specifici per il contrabbasso.<a class=\"excerpt-read-more\" href=\"https:\/\/www.casadeljazz.com\/en\/evento\/claude-tchamitchian-gianluigi-trovesi-orobico-quintet\/\" title=\"ReadClaude Tchamitchian &#8211; Gianluigi Trovesi, Orobico Quintet\">&#8230; Read more &raquo;<\/a><\/p>\n","protected":false},"featured_media":0,"template":"","categoria-evento":[118],"tag-evento":[],"class_list":["post-7617","evento","type-evento","status-publish","hentry","categoria-evento-concerti"],"acf":[],"_links":{"self":[{"href":"https:\/\/www.casadeljazz.com\/en\/wp-json\/wp\/v2\/evento\/7617","targetHints":{"allow":["GET"]}}],"collection":[{"href":"https:\/\/www.casadeljazz.com\/en\/wp-json\/wp\/v2\/evento"}],"about":[{"href":"https:\/\/www.casadeljazz.com\/en\/wp-json\/wp\/v2\/types\/evento"}],"wp:attachment":[{"href":"https:\/\/www.casadeljazz.com\/en\/wp-json\/wp\/v2\/media?parent=7617"}],"wp:term":[{"taxonomy":"categoria-evento","embeddable":true,"href":"https:\/\/www.casadeljazz.com\/en\/wp-json\/wp\/v2\/categoria-evento?post=7617"},{"taxonomy":"tag-evento","embeddable":true,"href":"https:\/\/www.casadeljazz.com\/en\/wp-json\/wp\/v2\/tag-evento?post=7617"}],"curies":[{"name":"wp","href":"https:\/\/api.w.org\/{rel}","templated":true}]}}

<p style="text-align: center;"><strong>SET 1</strong></p>
<p style="text-align: center;"><strong><em>In Spirit </em></strong></p>
<p style="text-align: center;">Claude Tchamitchian <em>solo</em> <em>contrabbasso </em></p>
<p style="text-align: center;"><em>Produzione originale</em></p>
<p><em>In Spirit</em> è il terzo progetto solista del famoso contrabbassista e compositore Claude Tchamitchian, una figura di spicco del jazz europeo contemporaneo. Questo nuovo lavoro è una testimonianza del suo impegno duraturo nell&#8217;esplorare nuovi territori musicali e nello sviluppare linguaggi unici specifici per il contrabbasso.</p>
<p>Come ha scritto Stéphane Ollivier (Jazz Magazine): ”Troppo spesso dimentichiamo che il primissimo album di Claude Tchamitchian come leader fu un assolo di contrabbasso”.</p>
<p>In &#8220;Jeux d&#8217;enfant&#8221;, registrato nel 1992, il giovane musicista, agli albori della sua carriera, gettò con grande spontaneità le basi estetiche di un universo personale al tempo stesso lirico, gestuale e intimo, basato su una profonda intelligenza fisica ed emotiva dello strumento. Ventitré anni dopo, Claude Tchamitchian continua questa avventura da solista con un nuovo programma “In Spirit”. &#8220;Questo processo ha gradualmente imposto la necessità di ricorrere a un secondo strumento. E poi ho avuto la fortuna di avere a disposizione uno dei due contrabbassi di Jean-François Jenny-Clarke, un&#8217;opportunità meravigliosa che mi ha permesso di completare la creazione di questo assolo&#8230; proprio l&#8217;anno in cui ricorreva il 20° anniversario della sua scomparsa, una coincidenza sorprendente”. Claude Tchamitchian è una delle figure più importanti del jazz europeo. Tra abbandono emotivo e virtuosismo tecnico, con una fede sempre rinnovata nelle virtù dell&#8217;improvvisazione, si abbandona all&#8217;esercizio introspettivo del solo. Affrontando con umiltà la prova della verità del corpo a corpo con lo strumento, esplora nuovi territori e sviluppa nuovi linguaggi propri del contrabbasso affinché esso risuoni in cambio della sua voce più intima, densa, vibrante e profondamente commovente. Sorprendente!</p>
<p>&nbsp;</p>
<p style="text-align: center;"><strong>SET 2</strong></p>
<p style="text-align: center;"><strong><em>Mediterraneamente</em></strong></p>
<p style="text-align: center;">Gianluigi Trovesi, Orobico Quintet</p>
<p style="text-align: center;">Gianluigi Trovesi sax alto, clarinetti</p>
<p style="text-align: center;">Paolo Manzolini chitarra</p>
<p style="text-align: center;">Marco Esposito basso</p>
<p style="text-align: center;">Matteo Milesi batteria</p>
<p style="text-align: center;">Fulvio Maras percussioni</p>
<p>“Mediterraneamente” è il nome di questo progetto. Ma cosa significa esattamente oggi essere mediterranei? Sicuramente avere un approccio melodico, in cui emerge la qualità del suono di Trovesi al sax contralto o al clarinetto piccolo e contralto, supportato da elementi timbrici, armonici, melodici e timbrici tipici di quell’area. Il ritmo, interpretato dalla sensibilità onnivora di Matteo Milesi e Fulvio Maras, parte dalle danze del nostro sud per attraversare l&#8217;oceano, toccando l&#8217;Africa, il sud e centro America, sporcandosi col groove di NY e tornare nuovamente a casa nel giro di poche battute. “Mediterraneo” è l&#8217;equilibrio di un paesaggio pur sempre diverso, tra i cespugli della Sardegna e la sabbia bianca del Gargano; un paesaggio chiaro e limpido, come il fraseggio della chitarra di Paolo Manzolini che contrasta la bellezza della melodia pura di Trovesi. Spesso i due si invertono i ruoli, con Trovesi in veste di folletto free dal linguaggio parkeriano filtrato dalle lenti deformanti di Dolphy e Ornette. “Mediterraneo” è il blu profondo, uguale sulle coste dell&#8217;Africa o al largo della nostra penisola, in un continuum cromatico. È proprio blu e blues sono i pedali del basso di Marco Esposito. Pedali ritmici e armonici che creano le fondamenta di una architettura musicale certa e definita, che sembra talvolta piegarsi sotto la furia del maestrale creativo di Trovesi ma poi si rialza ancora più suadente con quel canto mediterraneo di grande bellezza e vitalità.</p>
<p>&nbsp;</p>
<p>&nbsp;</p>

<p>SET 1 In Spirit Claude Tchamitchian solo contrabbasso  Produzione originale In Spirit è il terzo progetto solista del famoso contrabbassista e compositore Claude Tchamitchian, una figura di spicco del jazz europeo contemporaneo. Questo nuovo lavoro è una testimonianza del suo impegno duraturo nell&#8217;esplorare nuovi territori musicali e nello sviluppare linguaggi unici specifici per il contrabbasso.<a class="excerpt-read-more" href="https://www.casadeljazz.com/en/evento/claude-tchamitchian-gianluigi-trovesi-orobico-quintet/" title="ReadClaude Tchamitchian &#8211; Gianluigi Trovesi, Orobico Quintet">&#8230; Read more &raquo;</a></p>
