{"id":7611,"date":"2025-09-04T09:53:16","date_gmt":"2025-09-04T07:53:16","guid":{"rendered":"https:\/\/www.casadeljazz.com\/?post_type=evento&#038;p=7611"},"modified":"2025-09-04T10:12:35","modified_gmt":"2025-09-04T08:12:35","slug":"federico-nuti-informal-setting-ngj-gautier-garrigue-quartet","status":"publish","type":"evento","link":"https:\/\/www.casadeljazz.com\/en\/evento\/federico-nuti-informal-setting-ngj-gautier-garrigue-quartet\/","title":{"rendered":"Federico Nuti inFormal setting (NGJ) &#8211; Gautier Garrigue Quartet"},"content":{"rendered":"<p style=\"text-align: center;\"><strong>SET 1<\/strong><\/p>\n<p style=\"text-align: center;\"><strong>Federico Nuti <\/strong><\/p>\n<p style=\"text-align: center;\"><em><strong>inFormal setting<\/strong><\/em><\/p>\n<p style=\"text-align: center;\">Federico Nuti\u00a0 pianoforte<\/p>\n<p style=\"text-align: center;\">Francesco Panconesi\u00a0 sassofono tenore<\/p>\n<p style=\"text-align: center;\">Jacopo Fagioli\u00a0 tromba<\/p>\n<p style=\"text-align: center;\">Amedeo Verniani\u00a0 contrabbasso<\/p>\n<p style=\"text-align: center;\">Mattia Galeotti\u00a0 batteria<\/p>\n<p style=\"text-align: center;\"><em>Produzione I-Jazz<\/em><\/p>\n<p style=\"text-align: left;\"><em>inFormal setting,<\/em> pubblicato nel settembre 2022 per Hora Records, \u00e8 il progetto e album di debutto di Federico Nuti, pianista e compositore toscano che ha ottenuto il secondo posto nel Top Jazz 2022 di Musica Jazz per la categoria Miglior Nuovo Talento. A fianco del leader quattro delle voci pi\u00f9 interessanti della nuova generazione italiana: Francesco Panconesi al sax tenore, Jacopo Fagioli alla tromba, Amedeo Verniani al contrabbasso e Mattia Galeotti alla batteria. Il gruppo nasce con l\u2019idea di esplorare diversi intrecci, trame e sottigliezze che possono avvenire nel contesto di un quintetto acustico, alla ricerca di un equilibrio narrativo tra libert\u00e0 e struttura. L\u2019organico ricorda infatti quello di un tradizionale quintetto Jazz, che attinge tuttavia da molteplici linguaggi della contemporaneit\u00e0, adottando forme compositive e sonorit\u00e0 riconducibili alle cosiddette \u201cavanguardie\u201d, sia di matrice afro americana che europea. Il termine \u201cformale\u201d indica conformit\u00e0 a scelte prestabilite e requisiti, mentre il suo opposto si riferisce a qualcosa di totalmente spontaneo. <em>inFormal setting<\/em> \u00e8 uno spazio dove questi aspetti coesistono in musica, una cornice aperta che unisce gli estremi e racchiude immagini in continuo mutamento.<\/p>\n<p>L&#8217;anteprima del progetto \u00e8 avvenuta al Teatro Giotto di Vicchio nel dicembre 2021 per il Festival Jazz Prime di Musicus Concentus, ed in seguito dell&#8217;uscita del disco il gruppo si \u00e8 esibito presso alcuni dei pi\u00f9 noti locali del territorio nazionale, tra cui Sala Vanni e Panic Jazz Club, ha esordito in radio per il programma Piazza Verdi di Rai Radio3, e pi\u00f9 recentemente si \u00e8 esibito per la Italian Jazz Club Night del festival internazionale Jazzahead! 2024 a Brema.<\/p>\n<p>&nbsp;<\/p>\n<p style=\"text-align: center;\"><strong>SET 2<\/strong><\/p>\n<p style=\"text-align: center;\"><strong>Gautier Garrigue Quartet<\/strong><\/p>\n<p style=\"text-align: center;\">Gautier Garrigue\u00a0 batteria<\/p>\n<p style=\"text-align: center;\">Federico Casagrande\u00a0 chitarra<\/p>\n<p style=\"text-align: center;\">Florent Nisse\u00a0 contrabbasso<\/p>\n<p style=\"text-align: center;\">Benjamin Moussay\u00a0 pianoforte<\/p>\n<p style=\"text-align: center;\"><em>Prima nazionale<\/em><\/p>\n<p>In pochi anni, Gautier Garrigue \u00e8 riuscito a ritagliarsi un posto molto particolare sulla scena europea. Inserito in una certa tradizione, il suo drumming \u00e8 una sapiente miscela di morbidezza e forza. Si pu\u00f2 percepire in lui l\u2019eredit\u00e0 di Paul Motian nella misura e quella di Jack DeJohnette nella potenza e nel lirismo. Forte di mezzi tecnici eccezionali e di un gusto molto sicuro, naturalmente portato alla ricerca di nuove sonorit\u00e0, si \u00e8 costruito un\u2019identit\u00e0 che ne fa un sideman molto ricercato e rispettato anche oltre Atlantico. Lo si pu\u00f2 gi\u00e0 ascoltare in una quarantina di registrazioni e i suoi impegni all\u2019interno delle formazioni di Henri Texier, Seamus Blake, Emile Parisien, David Enhco, Hermon Mehari, Yaron Herman, Kyle Eastwood&#8230; lo hanno portato a esibirsi sui pi\u00f9 importanti palcoscenici d\u2019Europa.<\/p>\n<p>All&#8217;interno del gruppo \u00abFlash Pig\u00bb ha trovato il primo terreno favorevole per far emergere le sue qualit\u00e0 di compositore e direttore musicale. Flash Pig contribuisce alla vitalit\u00e0 di una nuova generazione con grandi capacit\u00e0 espressive.<\/p>\n<p>Con \u00abLa Travers\u00e9e\u00bb, Gautier Garrigue esce nuovamente dalla sua zona di comfort per assumersi nuove responsabilit\u00e0 come leader. \u00c8 in veste di chitarrista che ha composto brani che affida a un\u2019orchestra di amici-complici, in profonda sintonia con il suo universo. Un viaggio attraverso atmosfere, ampi spazi e sospensioni, tensioni, cambi di rotta e urti dinamici.<br \/>\nPer il suo esordio da leader, Gautier Garrigue riesce nell\u2019impresa di offrire semplicemente l\u2019ampiezza del suo mondo, contrastato e coerente. Con una notevole maturit\u00e0 e una naturale sincerit\u00e0, affiancato da musicisti eccezionali, evita il comune rischio di un debutto dimostrativo, lasciando libero spazio alla sua poesia.<\/p>\n","protected":false},"excerpt":{"rendered":"<p>SET 1 Federico Nuti inFormal setting Federico Nuti\u00a0 pianoforte Francesco Panconesi\u00a0 sassofono tenore Jacopo Fagioli\u00a0 tromba Amedeo Verniani\u00a0 contrabbasso Mattia Galeotti\u00a0 batteria Produzione I-Jazz inFormal setting, pubblicato nel settembre 2022 per Hora Records, \u00e8 il progetto e album di debutto di Federico Nuti, pianista e compositore toscano che ha ottenuto il secondo posto nel Top<a class=\"excerpt-read-more\" href=\"https:\/\/www.casadeljazz.com\/en\/evento\/federico-nuti-informal-setting-ngj-gautier-garrigue-quartet\/\" title=\"ReadFederico Nuti inFormal setting (NGJ) &#8211; Gautier Garrigue Quartet\">&#8230; Read more &raquo;<\/a><\/p>\n","protected":false},"featured_media":0,"template":"","categoria-evento":[118],"tag-evento":[],"class_list":["post-7611","evento","type-evento","status-publish","hentry","categoria-evento-concerti"],"acf":[],"_links":{"self":[{"href":"https:\/\/www.casadeljazz.com\/en\/wp-json\/wp\/v2\/evento\/7611","targetHints":{"allow":["GET"]}}],"collection":[{"href":"https:\/\/www.casadeljazz.com\/en\/wp-json\/wp\/v2\/evento"}],"about":[{"href":"https:\/\/www.casadeljazz.com\/en\/wp-json\/wp\/v2\/types\/evento"}],"wp:attachment":[{"href":"https:\/\/www.casadeljazz.com\/en\/wp-json\/wp\/v2\/media?parent=7611"}],"wp:term":[{"taxonomy":"categoria-evento","embeddable":true,"href":"https:\/\/www.casadeljazz.com\/en\/wp-json\/wp\/v2\/categoria-evento?post=7611"},{"taxonomy":"tag-evento","embeddable":true,"href":"https:\/\/www.casadeljazz.com\/en\/wp-json\/wp\/v2\/tag-evento?post=7611"}],"curies":[{"name":"wp","href":"https:\/\/api.w.org\/{rel}","templated":true}]}}

<p style="text-align: center;"><strong>SET 1</strong></p>
<p style="text-align: center;"><strong>Federico Nuti </strong></p>
<p style="text-align: center;"><em><strong>inFormal setting</strong></em></p>
<p style="text-align: center;">Federico Nuti  pianoforte</p>
<p style="text-align: center;">Francesco Panconesi  sassofono tenore</p>
<p style="text-align: center;">Jacopo Fagioli  tromba</p>
<p style="text-align: center;">Amedeo Verniani  contrabbasso</p>
<p style="text-align: center;">Mattia Galeotti  batteria</p>
<p style="text-align: center;"><em>Produzione I-Jazz</em></p>
<p style="text-align: left;"><em>inFormal setting,</em> pubblicato nel settembre 2022 per Hora Records, è il progetto e album di debutto di Federico Nuti, pianista e compositore toscano che ha ottenuto il secondo posto nel Top Jazz 2022 di Musica Jazz per la categoria Miglior Nuovo Talento. A fianco del leader quattro delle voci più interessanti della nuova generazione italiana: Francesco Panconesi al sax tenore, Jacopo Fagioli alla tromba, Amedeo Verniani al contrabbasso e Mattia Galeotti alla batteria. Il gruppo nasce con l’idea di esplorare diversi intrecci, trame e sottigliezze che possono avvenire nel contesto di un quintetto acustico, alla ricerca di un equilibrio narrativo tra libertà e struttura. L’organico ricorda infatti quello di un tradizionale quintetto Jazz, che attinge tuttavia da molteplici linguaggi della contemporaneità, adottando forme compositive e sonorità riconducibili alle cosiddette “avanguardie”, sia di matrice afro americana che europea. Il termine “formale” indica conformità a scelte prestabilite e requisiti, mentre il suo opposto si riferisce a qualcosa di totalmente spontaneo. <em>inFormal setting</em> è uno spazio dove questi aspetti coesistono in musica, una cornice aperta che unisce gli estremi e racchiude immagini in continuo mutamento.</p>
<p>L&#8217;anteprima del progetto è avvenuta al Teatro Giotto di Vicchio nel dicembre 2021 per il Festival Jazz Prime di Musicus Concentus, ed in seguito dell&#8217;uscita del disco il gruppo si è esibito presso alcuni dei più noti locali del territorio nazionale, tra cui Sala Vanni e Panic Jazz Club, ha esordito in radio per il programma Piazza Verdi di Rai Radio3, e più recentemente si è esibito per la Italian Jazz Club Night del festival internazionale Jazzahead! 2024 a Brema.</p>
<p>&nbsp;</p>
<p style="text-align: center;"><strong>SET 2</strong></p>
<p style="text-align: center;"><strong>Gautier Garrigue Quartet</strong></p>
<p style="text-align: center;">Gautier Garrigue  batteria</p>
<p style="text-align: center;">Federico Casagrande  chitarra</p>
<p style="text-align: center;">Florent Nisse  contrabbasso</p>
<p style="text-align: center;">Benjamin Moussay  pianoforte</p>
<p style="text-align: center;"><em>Prima nazionale</em></p>
<p>In pochi anni, Gautier Garrigue è riuscito a ritagliarsi un posto molto particolare sulla scena europea. Inserito in una certa tradizione, il suo drumming è una sapiente miscela di morbidezza e forza. Si può percepire in lui l’eredità di Paul Motian nella misura e quella di Jack DeJohnette nella potenza e nel lirismo. Forte di mezzi tecnici eccezionali e di un gusto molto sicuro, naturalmente portato alla ricerca di nuove sonorità, si è costruito un’identità che ne fa un sideman molto ricercato e rispettato anche oltre Atlantico. Lo si può già ascoltare in una quarantina di registrazioni e i suoi impegni all’interno delle formazioni di Henri Texier, Seamus Blake, Emile Parisien, David Enhco, Hermon Mehari, Yaron Herman, Kyle Eastwood&#8230; lo hanno portato a esibirsi sui più importanti palcoscenici d’Europa.</p>
<p>All&#8217;interno del gruppo «Flash Pig» ha trovato il primo terreno favorevole per far emergere le sue qualità di compositore e direttore musicale. Flash Pig contribuisce alla vitalità di una nuova generazione con grandi capacità espressive.</p>
<p>Con «La Traversée», Gautier Garrigue esce nuovamente dalla sua zona di comfort per assumersi nuove responsabilità come leader. È in veste di chitarrista che ha composto brani che affida a un’orchestra di amici-complici, in profonda sintonia con il suo universo. Un viaggio attraverso atmosfere, ampi spazi e sospensioni, tensioni, cambi di rotta e urti dinamici.<br />
Per il suo esordio da leader, Gautier Garrigue riesce nell’impresa di offrire semplicemente l’ampiezza del suo mondo, contrastato e coerente. Con una notevole maturità e una naturale sincerità, affiancato da musicisti eccezionali, evita il comune rischio di un debutto dimostrativo, lasciando libero spazio alla sua poesia.</p>

<p>SET 1 Federico Nuti inFormal setting Federico Nuti  pianoforte Francesco Panconesi  sassofono tenore Jacopo Fagioli  tromba Amedeo Verniani  contrabbasso Mattia Galeotti  batteria Produzione I-Jazz inFormal setting, pubblicato nel settembre 2022 per Hora Records, è il progetto e album di debutto di Federico Nuti, pianista e compositore toscano che ha ottenuto il secondo posto nel Top<a class="excerpt-read-more" href="https://www.casadeljazz.com/en/evento/federico-nuti-informal-setting-ngj-gautier-garrigue-quartet/" title="ReadFederico Nuti inFormal setting (NGJ) &#8211; Gautier Garrigue Quartet">&#8230; Read more &raquo;</a></p>
