{"id":5274,"date":"2024-09-10T17:10:15","date_gmt":"2024-09-10T15:10:15","guid":{"rendered":"https:\/\/www.casadeljazz.com\/evento\/italian-instabile-orchestra\/"},"modified":"2024-09-27T14:58:29","modified_gmt":"2024-09-27T12:58:29","slug":"italian-instabile-orchestra","status":"publish","type":"evento","link":"https:\/\/www.casadeljazz.com\/en\/evento\/italian-instabile-orchestra\/","title":{"rendered":"Italian\u00a0Instabile Orchestra"},"content":{"rendered":"\r\n<p>Un\u2019orchestra senza leadership individuale che consente a tutti i propri componenti di essere al contempo solisti e compositori \u00e8 cosa rara. E che questo sia accaduto in Italia, nascendo addirittura al sud, \u00e8 cosa ancor pi\u00f9 preziosa. Per chi ha creduto e continua a credere in quel progetto, il ritorno in scena dell\u2019Instabile non potr\u00e0 mai avere il sapore di una semplice celebrazione, di una \u201creunion\u201d per dirla all\u2019americana. \u00c8 piuttosto la dimostrazione che, sotto la cenere, c\u2019\u00e8 ancora brace che arde. E ci fa ben sperare per il futuro della musica che amiamo, mai cos\u00ec necessaria in questo momento in cui assistiamo a processi di narcotizzazione collettiva cui l\u2019arte non pu\u00f2 e non deve sottostare.<\/p>\r\n\r\n\r\n\r\n<p><strong>Formazione<\/strong><\/p>\r\n\r\n\r\n\r\n<p><strong>Sassofoni, clarinetti<br \/><\/strong>Gianluigi Trovesi<br \/>Eugenio Colombo<br \/>Roberto Ottaviano<br \/>Daniele Cavallanti<br \/>Vittorino Curci<\/p>\r\n\r\n\r\n\r\n<p><strong>Trombone<\/strong><br \/>Giancarlo Schiaffini<br \/>Lauro Rossi<br \/>Sebi Tramontana<\/p>\r\n\r\n\r\n\r\n<p><strong>Corno<\/strong><br \/>Martin Mayes<\/p>\r\n\r\n\r\n\r\n<p><strong>Trombe<\/strong><br \/>Alberto Mandarini<br \/>Luca Calabrese<\/p>\r\n\r\n\r\n\r\n<p><strong>Megafono e dijeridoo<br \/><\/strong>Pino Minafra<\/p>\r\n\r\n\r\n\r\n<p><strong>Violino<\/strong><br \/>Emanuele Parrini<\/p>\r\n\r\n\r\n\r\n<p><strong>Pianoforte<\/strong><br \/>Fabrizio Puglisi<\/p>\r\n\r\n\r\n\r\n<p><strong>Violoncello<\/strong><br \/>Paolo Damiani<\/p>\r\n\r\n\r\n\r\n<p><strong>Contrabbasso<\/strong><br \/>Giovanni Maier<\/p>\r\n\r\n\r\n\r\n<p><strong>Batteria<\/strong><br \/>Tiziano Tononi<\/p>\r\n","protected":false},"excerpt":{"rendered":"<p>Un\u2019orchestra senza leadership individuale che consente a tutti i propri componenti di essere al contempo solisti e compositori \u00e8 cosa rara. E che questo sia accaduto in Italia, nascendo addirittura al sud, \u00e8 cosa ancor pi\u00f9 preziosa. Per chi ha creduto e continua a credere in quel progetto, il ritorno in scena dell\u2019Instabile non potr\u00e0<a class=\"excerpt-read-more\" href=\"https:\/\/www.casadeljazz.com\/en\/evento\/italian-instabile-orchestra\/\" title=\"ReadItalian\u00a0Instabile Orchestra\">&#8230; Read more &raquo;<\/a><\/p>\n","protected":false},"featured_media":5590,"template":"","categoria-evento":[118],"tag-evento":[],"class_list":["post-5274","evento","type-evento","status-publish","has-post-thumbnail","hentry","categoria-evento-concerti"],"acf":[],"_links":{"self":[{"href":"https:\/\/www.casadeljazz.com\/en\/wp-json\/wp\/v2\/evento\/5274","targetHints":{"allow":["GET"]}}],"collection":[{"href":"https:\/\/www.casadeljazz.com\/en\/wp-json\/wp\/v2\/evento"}],"about":[{"href":"https:\/\/www.casadeljazz.com\/en\/wp-json\/wp\/v2\/types\/evento"}],"wp:featuredmedia":[{"embeddable":true,"href":"https:\/\/www.casadeljazz.com\/en\/wp-json\/wp\/v2\/media\/5590"}],"wp:attachment":[{"href":"https:\/\/www.casadeljazz.com\/en\/wp-json\/wp\/v2\/media?parent=5274"}],"wp:term":[{"taxonomy":"categoria-evento","embeddable":true,"href":"https:\/\/www.casadeljazz.com\/en\/wp-json\/wp\/v2\/categoria-evento?post=5274"},{"taxonomy":"tag-evento","embeddable":true,"href":"https:\/\/www.casadeljazz.com\/en\/wp-json\/wp\/v2\/tag-evento?post=5274"}],"curies":[{"name":"wp","href":"https:\/\/api.w.org\/{rel}","templated":true}]}}

<p>Un’orchestra senza leadership individuale che consente a tutti i propri componenti di essere al contempo solisti e compositori è cosa rara. E che questo sia accaduto in Italia, nascendo addirittura al sud, è cosa ancor più preziosa. Per chi ha creduto e continua a credere in quel progetto, il ritorno in scena dell’Instabile non potrà mai avere il sapore di una semplice celebrazione, di una “reunion” per dirla all’americana. È piuttosto la dimostrazione che, sotto la cenere, c’è ancora brace che arde. E ci fa ben sperare per il futuro della musica che amiamo, mai così necessaria in questo momento in cui assistiamo a processi di narcotizzazione collettiva cui l’arte non può e non deve sottostare.</p>



<p><strong>Formazione</strong></p>



<p><strong>Sassofoni, clarinetti<br /></strong>Gianluigi Trovesi<br />Eugenio Colombo<br />Roberto Ottaviano<br />Daniele Cavallanti<br />Vittorino Curci</p>



<p><strong>Trombone</strong><br />Giancarlo Schiaffini<br />Lauro Rossi<br />Sebi Tramontana</p>



<p><strong>Corno</strong><br />Martin Mayes</p>



<p><strong>Trombe</strong><br />Alberto Mandarini<br />Luca Calabrese</p>



<p><strong>Megafono e dijeridoo<br /></strong>Pino Minafra</p>



<p><strong>Violino</strong><br />Emanuele Parrini</p>



<p><strong>Pianoforte</strong><br />Fabrizio Puglisi</p>



<p><strong>Violoncello</strong><br />Paolo Damiani</p>



<p><strong>Contrabbasso</strong><br />Giovanni Maier</p>



<p><strong>Batteria</strong><br />Tiziano Tononi</p>

<p>Un’orchestra senza leadership individuale che consente a tutti i propri componenti di essere al contempo solisti e compositori è cosa rara. E che questo sia accaduto in Italia, nascendo addirittura al sud, è cosa ancor più preziosa. Per chi ha creduto e continua a credere in quel progetto, il ritorno in scena dell’Instabile non potrà<a class="excerpt-read-more" href="https://www.casadeljazz.com/en/evento/italian-instabile-orchestra/" title="ReadItalian Instabile Orchestra">&#8230; Read more &raquo;</a></p>
