{"id":4711,"date":"2024-02-28T10:09:45","date_gmt":"2024-02-28T09:09:45","guid":{"rendered":"https:\/\/www.casadeljazz.com\/evento\/porgy-and-bess-sia-lode-al-blues\/"},"modified":"2024-07-30T03:28:55","modified_gmt":"2024-07-30T01:28:55","slug":"porgy-and-bess-sia-lode-al-blues","status":"publish","type":"evento","link":"https:\/\/www.casadeljazz.com\/en\/evento\/porgy-and-bess-sia-lode-al-blues\/","title":{"rendered":"Luca Bragalini- Porgy and Bess: sia lode al blues"},"content":{"rendered":"\n<p><br>Scrivere un\u2019opera lirica autenticamente statunitense fu il chiodo fisso di Gershwin sin da quando era un giovane autore di musical. Ci aveva provato nel 1922 infilando in un variet\u00e0 una breve operetta ambienta ad Harlem. Poi rivolse il focus su una leggenda ebraica. Infine trov\u00f2 ispirazione in un libretto che dava voce alla comunit\u00e0 afroamericana di pescatori di Charleston.\u00a0<br>Di Porgy and Bess racconteremo la genesi e soprattutto analizzeremo i vari colori della musica nera, dal ragtime al blues, dallo spiritual al (proto)rap; tinte che Gershwin ha adoperato per dipingere il suo grande affresco\u00a0<em>Porgy and Bess<\/em>.<\/p>\n","protected":false},"excerpt":{"rendered":"<p>Scrivere un\u2019opera lirica autenticamente statunitense fu il chiodo fisso di Gershwin sin da quando era un giovane autore di musical. Ci aveva provato nel 1922 infilando in un variet\u00e0 una breve operetta ambienta ad Harlem. Poi rivolse il focus su una leggenda ebraica. Infine trov\u00f2 ispirazione in un libretto che dava voce alla comunit\u00e0 afroamericana<a class=\"excerpt-read-more\" href=\"https:\/\/www.casadeljazz.com\/en\/evento\/porgy-and-bess-sia-lode-al-blues\/\" title=\"ReadLuca Bragalini- Porgy and Bess: sia lode al blues\">&#8230; Read more &raquo;<\/a><\/p>\n","protected":false},"featured_media":729,"template":"","categoria-evento":[120],"tag-evento":[111],"class_list":["post-4711","evento","type-evento","status-publish","has-post-thumbnail","hentry","categoria-evento-lezioni","tag-evento-lezioni-di-jazz"],"acf":[],"_links":{"self":[{"href":"https:\/\/www.casadeljazz.com\/en\/wp-json\/wp\/v2\/evento\/4711","targetHints":{"allow":["GET"]}}],"collection":[{"href":"https:\/\/www.casadeljazz.com\/en\/wp-json\/wp\/v2\/evento"}],"about":[{"href":"https:\/\/www.casadeljazz.com\/en\/wp-json\/wp\/v2\/types\/evento"}],"wp:featuredmedia":[{"embeddable":true,"href":"https:\/\/www.casadeljazz.com\/en\/wp-json\/wp\/v2\/media\/729"}],"wp:attachment":[{"href":"https:\/\/www.casadeljazz.com\/en\/wp-json\/wp\/v2\/media?parent=4711"}],"wp:term":[{"taxonomy":"categoria-evento","embeddable":true,"href":"https:\/\/www.casadeljazz.com\/en\/wp-json\/wp\/v2\/categoria-evento?post=4711"},{"taxonomy":"tag-evento","embeddable":true,"href":"https:\/\/www.casadeljazz.com\/en\/wp-json\/wp\/v2\/tag-evento?post=4711"}],"curies":[{"name":"wp","href":"https:\/\/api.w.org\/{rel}","templated":true}]}}

<p><br>Scrivere un’opera lirica autenticamente statunitense fu il chiodo fisso di Gershwin sin da quando era un giovane autore di musical. Ci aveva provato nel 1922 infilando in un varietà una breve operetta ambienta ad Harlem. Poi rivolse il focus su una leggenda ebraica. Infine trovò ispirazione in un libretto che dava voce alla comunità afroamericana di pescatori di Charleston. <br>Di Porgy and Bess racconteremo la genesi e soprattutto analizzeremo i vari colori della musica nera, dal ragtime al blues, dallo spiritual al (proto)rap; tinte che Gershwin ha adoperato per dipingere il suo grande affresco <em>Porgy and Bess</em>.</p>

<p>Scrivere un’opera lirica autenticamente statunitense fu il chiodo fisso di Gershwin sin da quando era un giovane autore di musical. Ci aveva provato nel 1922 infilando in un varietà una breve operetta ambienta ad Harlem. Poi rivolse il focus su una leggenda ebraica. Infine trovò ispirazione in un libretto che dava voce alla comunità afroamericana<a class="excerpt-read-more" href="https://www.casadeljazz.com/en/evento/porgy-and-bess-sia-lode-al-blues/" title="ReadLuca Bragalini- Porgy and Bess: sia lode al blues">&#8230; Read more &raquo;</a></p>
