{"id":4686,"date":"2024-02-08T10:07:18","date_gmt":"2024-02-08T09:07:18","guid":{"rendered":"https:\/\/www.casadeljazz.com\/evento\/paolo-fresu-uri-caine\/"},"modified":"2024-07-30T16:35:56","modified_gmt":"2024-07-30T14:35:56","slug":"paolo-fresu-uri-caine","status":"publish","type":"evento","link":"https:\/\/www.casadeljazz.com\/en\/evento\/paolo-fresu-uri-caine\/","title":{"rendered":"Paolo Fresu &#038; Uri Caine"},"content":{"rendered":"\r\n<p>Il duo <strong>Fresu <\/strong>(tromba, flicorno, effetti) e <strong>Caine <\/strong>(pianoforte) \u00e8 la storia del fortunatissimo incontro tra due grandi personalit\u00e0 del jazz moderno. Insieme, affrontano il gioco con sorprendente semplicit\u00e0, riuscendo perfettamente a trasmettere il sentimento che guida questa straordinaria musica. Dopo il successo di alcuni dischi registrati insieme, <strong>Paolo Fresu<\/strong> reincontra il grande pianista americano, per un nuovo progetto live. \u00c8 possibile acquistare un abbonamento abbinando questa data con il concerto del 27 giugno a <strong><a href=\"https:\/\/www.ticketone.it\/event\/summertime-casa-del-jazz-2024-casa-del-jazz-18254856\/\">questo link<\/a><\/strong>.<\/p>\r\n","protected":false},"excerpt":{"rendered":"<p>Il duo Fresu (tromba, flicorno, effetti) e Caine (pianoforte) \u00e8 la storia del fortunatissimo incontro tra due grandi personalit\u00e0 del jazz moderno. Insieme, affrontano il gioco con sorprendente semplicit\u00e0, riuscendo perfettamente a trasmettere il sentimento che guida questa straordinaria musica. Dopo il successo di alcuni dischi registrati insieme, Paolo Fresu reincontra il grande pianista americano,<a class=\"excerpt-read-more\" href=\"https:\/\/www.casadeljazz.com\/en\/evento\/paolo-fresu-uri-caine\/\" title=\"ReadPaolo Fresu &#038; Uri Caine\">&#8230; Read more &raquo;<\/a><\/p>\n","protected":false},"featured_media":4834,"template":"","categoria-evento":[118],"tag-evento":[99],"class_list":["post-4686","evento","type-evento","status-publish","has-post-thumbnail","hentry","categoria-evento-concerti","tag-evento-concerti"],"acf":[],"_links":{"self":[{"href":"https:\/\/www.casadeljazz.com\/en\/wp-json\/wp\/v2\/evento\/4686","targetHints":{"allow":["GET"]}}],"collection":[{"href":"https:\/\/www.casadeljazz.com\/en\/wp-json\/wp\/v2\/evento"}],"about":[{"href":"https:\/\/www.casadeljazz.com\/en\/wp-json\/wp\/v2\/types\/evento"}],"wp:featuredmedia":[{"embeddable":true,"href":"https:\/\/www.casadeljazz.com\/en\/wp-json\/wp\/v2\/media\/4834"}],"wp:attachment":[{"href":"https:\/\/www.casadeljazz.com\/en\/wp-json\/wp\/v2\/media?parent=4686"}],"wp:term":[{"taxonomy":"categoria-evento","embeddable":true,"href":"https:\/\/www.casadeljazz.com\/en\/wp-json\/wp\/v2\/categoria-evento?post=4686"},{"taxonomy":"tag-evento","embeddable":true,"href":"https:\/\/www.casadeljazz.com\/en\/wp-json\/wp\/v2\/tag-evento?post=4686"}],"curies":[{"name":"wp","href":"https:\/\/api.w.org\/{rel}","templated":true}]}}

<p>Il duo <strong>Fresu </strong>(tromba, flicorno, effetti) e <strong>Caine </strong>(pianoforte) è la storia del fortunatissimo incontro tra due grandi personalità del jazz moderno. Insieme, affrontano il gioco con sorprendente semplicità, riuscendo perfettamente a trasmettere il sentimento che guida questa straordinaria musica. Dopo il successo di alcuni dischi registrati insieme, <strong>Paolo Fresu</strong> reincontra il grande pianista americano, per un nuovo progetto live. È possibile acquistare un abbonamento abbinando questa data con il concerto del 27 giugno a <strong><a href="https://www.ticketone.it/event/summertime-casa-del-jazz-2024-casa-del-jazz-18254856/">questo link</a></strong>.</p>

<p>Il duo Fresu (tromba, flicorno, effetti) e Caine (pianoforte) è la storia del fortunatissimo incontro tra due grandi personalità del jazz moderno. Insieme, affrontano il gioco con sorprendente semplicità, riuscendo perfettamente a trasmettere il sentimento che guida questa straordinaria musica. Dopo il successo di alcuni dischi registrati insieme, Paolo Fresu reincontra il grande pianista americano,<a class="excerpt-read-more" href="https://www.casadeljazz.com/en/evento/paolo-fresu-uri-caine/" title="ReadPaolo Fresu &#038; Uri Caine">&#8230; Read more &raquo;</a></p>
