{"id":10227,"date":"2026-03-17T11:12:02","date_gmt":"2026-03-17T10:12:02","guid":{"rendered":"https:\/\/www.casadeljazz.com\/?post_type=evento&#038;p=10227"},"modified":"2026-03-30T10:52:05","modified_gmt":"2026-03-30T08:52:05","slug":"matteo-mancuso-route96-tour","status":"publish","type":"evento","link":"https:\/\/www.casadeljazz.com\/en\/evento\/matteo-mancuso-route96-tour\/","title":{"rendered":"Matteo Mancuso &#8211; &#8220;Route96 Tour&#8221;"},"content":{"rendered":"<p><strong>Matteo Mancuso<\/strong>, <strong>classe 1996<\/strong>, <strong><em>enfant prodige<\/em> della chitarra<\/strong> si approccia al mondo della musica gi\u00e0 da piccolo, grazie anche al padre Vincenzo. Si iscrive al liceo musicale dove approfondisce gli studi in chitarra classica e fonda il trio \u201cSNIPS\u201d con cui propone la famosa versione di \u201cThe Chicken\u201d che raggiunge in poco tempo milioni di visualizzazioni sui vari social. Nel 2019, inizia la collaborazione con Yamaha Guitars partecipando al NAMM di Los Angeles, al \u201cYoung Guitar Festival\u201d di Bangkok e alcune masterclass in Russia (Mosca, San Pietroburgo e Perm). Nel 2020 Matteo fonda il suo nuovo trio con Stefano India al basso e Giuseppe Bruno alla batteria, e inizia a dare spazio alla vena compositiva presentando i suoi primi brani originali. Da qui inizia la prima intensa attivit\u00e0 live in italia ed Europa che si svilupper\u00e0 negli anni 2021\/2022. Il 21 luglio 2023 esce il suo primo album solista intitolato \u201cThe Journey\u201d, un&#8217;opera che delinea la sua autentica natura musicale poliedrica ed avvia un nuovo ciclo di concerti con la nuova formazione, composta da <strong>Riccardo Oliva<\/strong> al basso e <strong>Gianluca Pellerito<\/strong> alla batteria, che si protrarr\u00e0 per tutto il 2024 con pi\u00f9 di 50 concerti tra USA ed Europa.<\/p>\n<p>Nel 2025 intraprende il suo primo grande tour internazionale con pi\u00f9 di 30 concerti nelle principali citt\u00e0 degli Stati Uniti e del Canada. Il suo canale Youtube \u00e8 seguito da un vasto pubblico internazionale di quasi 300 mila iscritti. Ha ricevuto plausi e attestazioni di stima, tra gli altri, da Steve Vai, Al di Meola, Joe Bonamassa, Eric Johnson.<\/p>\n<p>&nbsp;<\/p>\n<p style=\"text-align: center;\"><strong>Matteo Mancuso\u00a0<\/strong> chitarra<\/p>\n<p style=\"text-align: center;\"><strong>Riccardo Oliva\u00a0<\/strong> basso<\/p>\n<p style=\"text-align: center;\"><strong>Gianluca Pellerito<\/strong>\u00a0 batteria<\/p>\n<p>&nbsp;<\/p>\n","protected":false},"excerpt":{"rendered":"<p>Matteo Mancuso, classe 1996, enfant prodige della chitarra si approccia al mondo della musica gi\u00e0 da piccolo, grazie anche al padre Vincenzo. Si iscrive al liceo musicale dove approfondisce gli studi in chitarra classica e fonda il trio \u201cSNIPS\u201d con cui propone la famosa versione di \u201cThe Chicken\u201d che raggiunge in poco tempo milioni di<a class=\"excerpt-read-more\" href=\"https:\/\/www.casadeljazz.com\/en\/evento\/matteo-mancuso-route96-tour\/\" title=\"ReadMatteo Mancuso &#8211; &#8220;Route96 Tour&#8221;\">&#8230; Read more &raquo;<\/a><\/p>\n","protected":false},"featured_media":10228,"template":"","categoria-evento":[118],"tag-evento":[],"class_list":["post-10227","evento","type-evento","status-publish","has-post-thumbnail","hentry","categoria-evento-concerti"],"acf":[],"_links":{"self":[{"href":"https:\/\/www.casadeljazz.com\/en\/wp-json\/wp\/v2\/evento\/10227","targetHints":{"allow":["GET"]}}],"collection":[{"href":"https:\/\/www.casadeljazz.com\/en\/wp-json\/wp\/v2\/evento"}],"about":[{"href":"https:\/\/www.casadeljazz.com\/en\/wp-json\/wp\/v2\/types\/evento"}],"wp:featuredmedia":[{"embeddable":true,"href":"https:\/\/www.casadeljazz.com\/en\/wp-json\/wp\/v2\/media\/10228"}],"wp:attachment":[{"href":"https:\/\/www.casadeljazz.com\/en\/wp-json\/wp\/v2\/media?parent=10227"}],"wp:term":[{"taxonomy":"categoria-evento","embeddable":true,"href":"https:\/\/www.casadeljazz.com\/en\/wp-json\/wp\/v2\/categoria-evento?post=10227"},{"taxonomy":"tag-evento","embeddable":true,"href":"https:\/\/www.casadeljazz.com\/en\/wp-json\/wp\/v2\/tag-evento?post=10227"}],"curies":[{"name":"wp","href":"https:\/\/api.w.org\/{rel}","templated":true}]}}

<p><strong>Matteo Mancuso</strong>, <strong>classe 1996</strong>, <strong><em>enfant prodige</em> della chitarra</strong> si approccia al mondo della musica già da piccolo, grazie anche al padre Vincenzo. Si iscrive al liceo musicale dove approfondisce gli studi in chitarra classica e fonda il trio “SNIPS” con cui propone la famosa versione di “The Chicken” che raggiunge in poco tempo milioni di visualizzazioni sui vari social. Nel 2019, inizia la collaborazione con Yamaha Guitars partecipando al NAMM di Los Angeles, al “Young Guitar Festival” di Bangkok e alcune masterclass in Russia (Mosca, San Pietroburgo e Perm). Nel 2020 Matteo fonda il suo nuovo trio con Stefano India al basso e Giuseppe Bruno alla batteria, e inizia a dare spazio alla vena compositiva presentando i suoi primi brani originali. Da qui inizia la prima intensa attività live in italia ed Europa che si svilupperà negli anni 2021/2022. Il 21 luglio 2023 esce il suo primo album solista intitolato “The Journey”, un&#8217;opera che delinea la sua autentica natura musicale poliedrica ed avvia un nuovo ciclo di concerti con la nuova formazione, composta da <strong>Riccardo Oliva</strong> al basso e <strong>Gianluca Pellerito</strong> alla batteria, che si protrarrà per tutto il 2024 con più di 50 concerti tra USA ed Europa.</p>
<p>Nel 2025 intraprende il suo primo grande tour internazionale con più di 30 concerti nelle principali città degli Stati Uniti e del Canada. Il suo canale Youtube è seguito da un vasto pubblico internazionale di quasi 300 mila iscritti. Ha ricevuto plausi e attestazioni di stima, tra gli altri, da Steve Vai, Al di Meola, Joe Bonamassa, Eric Johnson.</p>
<p>&nbsp;</p>
<p style="text-align: center;"><strong>Matteo Mancuso </strong> chitarra</p>
<p style="text-align: center;"><strong>Riccardo Oliva </strong> basso</p>
<p style="text-align: center;"><strong>Gianluca Pellerito</strong>  batteria</p>
<p>&nbsp;</p>

<p>Matteo Mancuso, classe 1996, enfant prodige della chitarra si approccia al mondo della musica già da piccolo, grazie anche al padre Vincenzo. Si iscrive al liceo musicale dove approfondisce gli studi in chitarra classica e fonda il trio “SNIPS” con cui propone la famosa versione di “The Chicken” che raggiunge in poco tempo milioni di<a class="excerpt-read-more" href="https://www.casadeljazz.com/en/evento/matteo-mancuso-route96-tour/" title="ReadMatteo Mancuso &#8211; &#8220;Route96 Tour&#8221;">&#8230; Read more &raquo;</a></p>
